{"id":55717,"date":"2024-10-01T16:14:07","date_gmt":"2024-10-01T16:14:07","guid":{"rendered":"https:\/\/de-prime.com\/?p=55717"},"modified":"2024-10-01T16:40:35","modified_gmt":"2024-10-01T16:40:35","slug":"hi-beer-pong-klapptisch-240x60x55-cm-mdf-und-aluminium","status":"publish","type":"product","link":"https:\/\/de-prime.com\/index.php\/product\/hi-beer-pong-klapptisch-240x60x55-cm-mdf-und-aluminium\/","title":{"rendered":"HI Beer-Pong-Klapptisch 240x60x55 cm MDF und Aluminium"},"content":{"rendered":"<p>Urspr\u00fcnglich aus den USA und jetzt auch immer beliebter hier: Beer Pong! Mit diesem h\u00f6henverstellbaren Beer-Pong-Tisch von Hi kannst du sofort mit diesem beliebten Spiel beginnen. Einfaches Aufstellen: Der Beer-Pong-Tisch l\u00e4sst sich wirklich einfach aufstellen, da er zusammenklappbar ist und aus leichtem Aluminium mit einer MDF-Tischplatte besteht.Max. Belastbarkeit von 30 kg: Du kannst eine Partie Six Cups oder Ten Cups mit deinen Freunden genie\u00dfen. Auf diesen Spieltisch kannst du so viele Biere stellen, wie du ben\u00f6tigst. Seine maximale Belastbarkeit betr\u00e4gt 30 kg.<\/p>\n<ul>\n<li>Farbe: Natur und Silber<\/li>\n<li>Material der Tischplatte: MDF<\/li>\n<li>Rahmen- und Rohrmaterial: Aluminium<\/li>\n<li>Abmessungen: 240 x 60 x 55 cm (L x B x H)<\/li>\n<li>Abmessungen (zusammengeklappt): 62,5 x 61 x 13,8 cm (L x B x H)<\/li>\n<li>3-fach h\u00f6henverstellbar: 55 &#8211; 62 &#8211; 70 cm<\/li>\n<li>MDF-Tischplatte mit einer St\u00e4rke von 4 mm und Logo-Aufdruck<\/li>\n<li>Rohrdurchmesser: 25 mm (Dicke 0,8 mm)<\/li>\n<li>Durchmesser der schlanken Rohre: 22 mm (Dicke 0,8 mm)<\/li>\n<li>Durchmesser des Querrohres: 19 mm (St\u00e4rke 0,7 mm)<\/li>\n<li>Max. Belastbarkeit: 30 kg<\/li>\n<\/ul>\n","protected":false},"excerpt":{"rendered":"<ul>\n<li>Farbe: Natur und Silber<\/li>\n<li>Material der Tischplatte: MDF<\/li>\n<li>Rahmen- und Rohrmaterial: Aluminium<\/li>\n<li>Abmessungen: 240 x 60 x 55 cm (L x B x H)<\/li>\n<li>Abmessungen (zusammengeklappt): 62,5 x 61 x 13,8 cm (L x B x H)<\/li>\n<li>3-fach h\u00f6henverstellbar: 55 &#8211; 62 &#8211; 70 cm<\/li>\n<li>MDF-Tischplatte mit einer St\u00e4rke von 4 mm und Logo-Aufdruck<\/li>\n<li>Rohrdurchmesser: 25 mm (Dicke 0,8 mm)<\/li>\n<li>Durchmesser der schlanken Rohre: 22 mm (Dicke 0,8 mm)<\/li>\n<li>Durchmesser des Querrohres: 19 mm (St\u00e4rke 0,7 mm)<\/li>\n<li>Max. Belastbarkeit: 30 kg<\/li>\n<\/ul>\n","protected":false},"featured_media":10000055717,"comment_status":"closed","ping_status":"closed","template":"","meta":[],"product_brand":[],"product_cat":[6870,6937,6836],"product_tag":[],"class_list":{"0":"post-55717","1":"product","2":"type-product","3":"status-publish","4":"has-post-thumbnail","6":"product_cat-indoor-aktivitaeten","7":"product_cat-multispieltische","8":"product_cat-sportartikel","10":"first","11":"instock","12":"taxable","13":"shipping-taxable","14":"purchasable","15":"product-type-simple","16":"add-to-wishlist-after_add_to_cart"},"jetpack_sharing_enabled":true,"_links":{"self":[{"href":"https:\/\/de-prime.com\/index.php\/wp-json\/wp\/v2\/product\/55717","targetHints":{"allow":["GET"]}}],"collection":[{"href":"https:\/\/de-prime.com\/index.php\/wp-json\/wp\/v2\/product"}],"about":[{"href":"https:\/\/de-prime.com\/index.php\/wp-json\/wp\/v2\/types\/product"}],"replies":[{"embeddable":true,"href":"https:\/\/de-prime.com\/index.php\/wp-json\/wp\/v2\/comments?post=55717"}],"wp:featuredmedia":[{"embeddable":true,"href":"https:\/\/de-prime.com\/index.php\/wp-json\/"}],"wp:attachment":[{"href":"https:\/\/de-prime.com\/index.php\/wp-json\/wp\/v2\/media?parent=55717"}],"wp:term":[{"taxonomy":"product_brand","embeddable":true,"href":"https:\/\/de-prime.com\/index.php\/wp-json\/wp\/v2\/product_brand?post=55717"},{"taxonomy":"product_cat","embeddable":true,"href":"https:\/\/de-prime.com\/index.php\/wp-json\/wp\/v2\/product_cat?post=55717"},{"taxonomy":"product_tag","embeddable":true,"href":"https:\/\/de-prime.com\/index.php\/wp-json\/wp\/v2\/product_tag?post=55717"}],"curies":[{"name":"wp","href":"https:\/\/api.w.org\/{rel}","templated":true}]}}