{"id":55687,"date":"2024-10-01T16:14:05","date_gmt":"2024-10-01T16:14:05","guid":{"rendered":"https:\/\/de-prime.com\/?p=55687"},"modified":"2024-10-01T16:37:26","modified_gmt":"2024-10-01T16:37:26","slug":"tragbare-campingtoilette-grau-10-10-l","status":"publish","type":"product","link":"https:\/\/de-prime.com\/index.php\/product\/tragbare-campingtoilette-grau-10-10-l\/","title":{"rendered":"Tragbare Campingtoilette Grau 10 + 10 L"},"content":{"rendered":"<p>Unsere tragbare Toilette verf\u00fcgt \u00fcber einen 10-Liter F\u00e4kalientank, so dass sie von einem Erwachsenen 2-3 Tage lang benutzt werden kann. Die Toilette eignet sich perfekt f\u00fcr den Einsatz in Camping- und Servicefahrzeugen. Sie ist auch f\u00fcr \u00e4ltere Menschen, Kinder und Menschen mit Behinderungen in Krankenh\u00e4usern oder Wohnheimen geeignet. Die Campingtoilette ist aus robustem, hochdichtem PP-Polyethylen-hergestellt, wodurch sie \u00e4u\u00dferst stabil ist. Sie kann ein Gewicht von bis zu 200 kg tragen. Die Toilette verf\u00fcgt \u00fcber einen 10-Liter-Frischwassertank, mit dem Sie mindestens 50 Mal sp\u00fclen k\u00f6nnen. Dank der 3-Wege-Sp\u00fclung in T-Form wird die Abfallentsorgung erleichtert. Durch die seitlichen Verriegelungen k\u00f6nnen beide Tanks leicht abgenommen oder zusammengesteckt werden. Das Schieberventil tr\u00e4gt zum Schutz vor Leckagen und Geruchsbildung bei. Unsere Toilette ist leicht zu transportieren und zeichnet sich durch ein leichtes und kompaktes Design aus. Ein Muss f\u00fcr jeden Campingausflug!<\/p>\n<ul>\n<li>Farbe: Grau<\/li>\n<li>Material: HDPE PP (hochdichtes Polyethylenpolypropylen)<\/li>\n<li>Abmessungen: 41,5 x 36,5 x 30 cm (L x B x H)<\/li>\n<li>Sitzh\u00f6he: 29,5 cm<\/li>\n<li>Fassungsverm\u00f6gen des F\u00e4kalientanks: 10 L<\/li>\n<li>Fassungsverm\u00f6gen des Frischwassertanks: 10 L<\/li>\n<li>Maximale Tragf\u00e4higkeit: 200 kg<\/li>\n<li>Mit zwei seitlichen Verschlussriegeln<\/li>\n<li>Mit einem Schieberventil<\/li>\n<li>Balgpumpe<\/li>\n<li>Manuelle Sp\u00fclung<\/li>\n<li>T-Form Sp\u00fclung<\/li>\n<\/ul>\n","protected":false},"excerpt":{"rendered":"<ul>\n<li>Farbe: Grau<\/li>\n<li>Material: HDPE PP (hochdichtes Polyethylenpolypropylen)<\/li>\n<li>Abmessungen: 41,5 x 36,5 x 30 cm (L x B x H)<\/li>\n<li>Sitzh\u00f6he: 29,5 cm<\/li>\n<li>Fassungsverm\u00f6gen des F\u00e4kalientanks: 10 L<\/li>\n<li>Fassungsverm\u00f6gen des Frischwassertanks: 10 L<\/li>\n<li>Maximale Tragf\u00e4higkeit: 200 kg<\/li>\n<li>Mit zwei seitlichen Verschlussriegeln<\/li>\n<li>Mit einem Schieberventil<\/li>\n<li>Balgpumpe<\/li>\n<li>Manuelle Sp\u00fclung<\/li>\n<li>T-Form Sp\u00fclung<\/li>\n<\/ul>\n","protected":false},"featured_media":10000055687,"comment_status":"closed","ping_status":"closed","template":"","meta":[],"product_brand":[],"product_cat":[6859,6932,6934,6837,6836],"product_tag":[],"class_list":{"0":"post-55687","1":"product","2":"type-product","3":"status-publish","4":"has-post-thumbnail","6":"product_cat-camping-wandern","7":"product_cat-mobile-toiletten-duschen","8":"product_cat-mobile-toiletten-urinale","9":"product_cat-outdoor-aktivitaeten","10":"product_cat-sportartikel","12":"first","13":"instock","14":"taxable","15":"shipping-taxable","16":"purchasable","17":"product-type-simple","18":"add-to-wishlist-after_add_to_cart"},"jetpack_sharing_enabled":true,"_links":{"self":[{"href":"https:\/\/de-prime.com\/index.php\/wp-json\/wp\/v2\/product\/55687","targetHints":{"allow":["GET"]}}],"collection":[{"href":"https:\/\/de-prime.com\/index.php\/wp-json\/wp\/v2\/product"}],"about":[{"href":"https:\/\/de-prime.com\/index.php\/wp-json\/wp\/v2\/types\/product"}],"replies":[{"embeddable":true,"href":"https:\/\/de-prime.com\/index.php\/wp-json\/wp\/v2\/comments?post=55687"}],"wp:featuredmedia":[{"embeddable":true,"href":"https:\/\/de-prime.com\/index.php\/wp-json\/"}],"wp:attachment":[{"href":"https:\/\/de-prime.com\/index.php\/wp-json\/wp\/v2\/media?parent=55687"}],"wp:term":[{"taxonomy":"product_brand","embeddable":true,"href":"https:\/\/de-prime.com\/index.php\/wp-json\/wp\/v2\/product_brand?post=55687"},{"taxonomy":"product_cat","embeddable":true,"href":"https:\/\/de-prime.com\/index.php\/wp-json\/wp\/v2\/product_cat?post=55687"},{"taxonomy":"product_tag","embeddable":true,"href":"https:\/\/de-prime.com\/index.php\/wp-json\/wp\/v2\/product_tag?post=55687"}],"curies":[{"name":"wp","href":"https:\/\/api.w.org\/{rel}","templated":true}]}}