{"id":55656,"date":"2024-10-01T16:14:02","date_gmt":"2024-10-01T16:14:02","guid":{"rendered":"https:\/\/de-prime.com\/?p=55656"},"modified":"2024-10-01T16:42:02","modified_gmt":"2024-10-01T16:42:02","slug":"pedal-gokart-blau","status":"publish","type":"product","link":"https:\/\/de-prime.com\/index.php\/product\/pedal-gokart-blau\/","title":{"rendered":"Pedal-Gokart Blau"},"content":{"rendered":"<p>Der Pedal-Gokart wird mittels einer Kette angetrieben, die sich im Inneren eines Geh\u00e4uses befindet, um Kindern mehr Fahrsicherheit zu bieten. Er ist f\u00fcr Kinder von 3 bis 5 Jahren geeignet. Die Pendelachse erm\u00f6glich eine glatte und stabile Fahrt auf jedem Terrain. Der optimierte, schaltbare Freilauf erm\u00f6glicht sowohl den Vorw\u00e4rts- als auch den R\u00fcckw\u00e4rtsgang.<\/p>\n<ul>\n<li>Farbe: Blau<\/li>\n<li>Ma\u00dfe: 89 x 52 x 51 cm (L x B x H)<\/li>\n<li>H\u00f6chstbelastbarkeit: 30 kg<\/li>\n<li>Schaltbarer Freilauf: Ja<\/li>\n<li>Pendelachse: Ja<\/li>\n<li>Abgeschirmte Kette: Ja<\/li>\n<li>WARNHINWEIS: Nicht f\u00fcr Kinder unter 36 Monaten geeignet.<\/li>\n<li>WARNHINWEIS: Mit Schutzausr\u00fcstung zu benutzen. Nicht im Stra\u00dfenverkehr zu verwenden.<\/li>\n<\/ul>\n","protected":false},"excerpt":{"rendered":"<ul>\n<li>Farbe: Blau<\/li>\n<li>Ma\u00dfe: 89 x 52 x 51 cm (L x B x H)<\/li>\n<li>H\u00f6chstbelastbarkeit: 30 kg<\/li>\n<li>Schaltbarer Freilauf: Ja<\/li>\n<li>Pendelachse: Ja<\/li>\n<li>Abgeschirmte Kette: Ja<\/li>\n<li>WARNHINWEIS: Nicht f\u00fcr Kinder unter 36 Monaten geeignet.<\/li>\n<li>WARNHINWEIS: Mit Schutzausr\u00fcstung zu benutzen. Nicht im Stra\u00dfenverkehr zu verwenden.<\/li>\n<\/ul>\n","protected":false},"featured_media":10000055656,"comment_status":"closed","ping_status":"closed","template":"","meta":[],"product_brand":[],"product_cat":[6877,5561,6853,6852],"product_tag":[],"class_list":{"0":"post-55656","1":"product","2":"type-product","3":"status-publish","4":"has-post-thumbnail","6":"product_cat-kinderfahrzeuge","7":"product_cat-lauflernwagen-rutsch-tretfahrzeuge","8":"product_cat-spielzeuge","9":"product_cat-spielzeuge-spiele","11":"first","12":"instock","13":"taxable","14":"shipping-taxable","15":"purchasable","16":"product-type-simple","17":"add-to-wishlist-after_add_to_cart"},"jetpack_sharing_enabled":true,"_links":{"self":[{"href":"https:\/\/de-prime.com\/index.php\/wp-json\/wp\/v2\/product\/55656","targetHints":{"allow":["GET"]}}],"collection":[{"href":"https:\/\/de-prime.com\/index.php\/wp-json\/wp\/v2\/product"}],"about":[{"href":"https:\/\/de-prime.com\/index.php\/wp-json\/wp\/v2\/types\/product"}],"replies":[{"embeddable":true,"href":"https:\/\/de-prime.com\/index.php\/wp-json\/wp\/v2\/comments?post=55656"}],"wp:featuredmedia":[{"embeddable":true,"href":"https:\/\/de-prime.com\/index.php\/wp-json\/"}],"wp:attachment":[{"href":"https:\/\/de-prime.com\/index.php\/wp-json\/wp\/v2\/media?parent=55656"}],"wp:term":[{"taxonomy":"product_brand","embeddable":true,"href":"https:\/\/de-prime.com\/index.php\/wp-json\/wp\/v2\/product_brand?post=55656"},{"taxonomy":"product_cat","embeddable":true,"href":"https:\/\/de-prime.com\/index.php\/wp-json\/wp\/v2\/product_cat?post=55656"},{"taxonomy":"product_tag","embeddable":true,"href":"https:\/\/de-prime.com\/index.php\/wp-json\/wp\/v2\/product_tag?post=55656"}],"curies":[{"name":"wp","href":"https:\/\/api.w.org\/{rel}","templated":true}]}}