{"id":55634,"date":"2024-10-01T16:14:01","date_gmt":"2024-10-01T16:14:01","guid":{"rendered":"https:\/\/de-prime.com\/?p=55634"},"modified":"2024-10-01T16:40:38","modified_gmt":"2024-10-01T16:40:38","slug":"aufsitzauto-fiat-500-rot","status":"publish","type":"product","link":"https:\/\/de-prime.com\/index.php\/product\/aufsitzauto-fiat-500-rot\/","title":{"rendered":"Aufsitzauto Fiat 500 Rot"},"content":{"rendered":"<p>Mit seinem ikonischen Design bietet dieses Fiat 500 Aufsitzauto deinen Kindern das ultimative Gran Turismo Fahrerlebnis. Es wurde von Fiat offiziell lizenziert. Das Kinderauto ist aus qualitativ hochwertigen Materialien gefertigt und ein echter Blickfang in Knallrot. Es verf\u00fcgt \u00fcber ein Lenkrad, einen niedrigen Sitz und eine ergonomisch geformte R\u00fcckenlehne, sodass Kinder einfach ein- und aussteigen k\u00f6nnen. Die R\u00fcckenlehne kann zudem auch als Schiebegriff von Eltern verwendet werden. Der gro\u00dfe Stauraum unter dem Sitz bietet Platz f\u00fcr zahlreiche Spielzeuge und andere Sachen, die deine Kinder auf ihre Abenteuer mitnehmen m\u00f6chten. Dieses Aufsitzauto tr\u00e4gt auch zur Entwicklung der r\u00e4umlichen Wahrnehmung, Geschicklichkeit und Feinmotorik der Kinder bei. Es ist f\u00fcr Kinder zwischen 12 und 36 Monaten geeignet. Der Artikel l\u00e4sst sich einfach zusammenbauen. Achtung: Dieses Spielzeug verf\u00fcgt \u00fcber keine Bremsen! Bitte beachte, dass dieses Auto nicht batteriebetrieben ist und \u00fcber keine elektrischen Funktionen verf\u00fcgt (keine Soundfunktion, kein Lichteffekt usw.)<\/p>\n<ul>\n<li>Farbe: Rot<\/li>\n<li>Material: Kunststoff<\/li>\n<li>Abmessungen: 60 x 28 x 38 cm (B x T x H)<\/li>\n<li>Maximale Belastbarkeit: 25 kg<\/li>\n<li>Empfohlenes Alter: 12-36 Monate<\/li>\n<li>Offiziell lizenziert von Fiat<\/li>\n<li>Mit einem Staufach unter dem Sitz<\/li>\n<li>Einfacher Zusammenbau<\/li>\n<li>WARNHINWEIS: Benutzung unter unmittelbarer Aufsicht von Erwachsenen.<\/li>\n<\/ul>\n","protected":false},"excerpt":{"rendered":"<ul>\n<li>Farbe: Rot<\/li>\n<li>Material: Kunststoff<\/li>\n<li>Abmessungen: 60 x 28 x 38 cm (B x T x H)<\/li>\n<li>Maximale Belastbarkeit: 25 kg<\/li>\n<li>Empfohlenes Alter: 12-36 Monate<\/li>\n<li>Offiziell lizenziert von Fiat<\/li>\n<li>Mit einem Staufach unter dem Sitz<\/li>\n<li>Einfacher Zusammenbau<\/li>\n<li>WARNHINWEIS: Benutzung unter unmittelbarer Aufsicht von Erwachsenen.<\/li>\n<\/ul>\n","protected":false},"featured_media":10000055634,"comment_status":"closed","ping_status":"closed","template":"","meta":[],"product_brand":[],"product_cat":[6877,5561,6853,6852],"product_tag":[],"class_list":{"0":"post-55634","1":"product","2":"type-product","3":"status-publish","4":"has-post-thumbnail","6":"product_cat-kinderfahrzeuge","7":"product_cat-lauflernwagen-rutsch-tretfahrzeuge","8":"product_cat-spielzeuge","9":"product_cat-spielzeuge-spiele","11":"first","12":"outofstock","13":"taxable","14":"shipping-taxable","15":"purchasable","16":"product-type-simple","17":"add-to-wishlist-after_add_to_cart"},"jetpack_sharing_enabled":true,"_links":{"self":[{"href":"https:\/\/de-prime.com\/index.php\/wp-json\/wp\/v2\/product\/55634","targetHints":{"allow":["GET"]}}],"collection":[{"href":"https:\/\/de-prime.com\/index.php\/wp-json\/wp\/v2\/product"}],"about":[{"href":"https:\/\/de-prime.com\/index.php\/wp-json\/wp\/v2\/types\/product"}],"replies":[{"embeddable":true,"href":"https:\/\/de-prime.com\/index.php\/wp-json\/wp\/v2\/comments?post=55634"}],"wp:featuredmedia":[{"embeddable":true,"href":"https:\/\/de-prime.com\/index.php\/wp-json\/"}],"wp:attachment":[{"href":"https:\/\/de-prime.com\/index.php\/wp-json\/wp\/v2\/media?parent=55634"}],"wp:term":[{"taxonomy":"product_brand","embeddable":true,"href":"https:\/\/de-prime.com\/index.php\/wp-json\/wp\/v2\/product_brand?post=55634"},{"taxonomy":"product_cat","embeddable":true,"href":"https:\/\/de-prime.com\/index.php\/wp-json\/wp\/v2\/product_cat?post=55634"},{"taxonomy":"product_tag","embeddable":true,"href":"https:\/\/de-prime.com\/index.php\/wp-json\/wp\/v2\/product_tag?post=55634"}],"curies":[{"name":"wp","href":"https:\/\/api.w.org\/{rel}","templated":true}]}}