{"id":55632,"date":"2024-10-01T16:14:01","date_gmt":"2024-10-01T16:14:01","guid":{"rendered":"https:\/\/de-prime.com\/?p=55632"},"modified":"2024-10-01T16:40:36","modified_gmt":"2024-10-01T16:40:36","slug":"pedal-go-kart-mit-luftreifen-blau","status":"publish","type":"product","link":"https:\/\/de-prime.com\/index.php\/product\/pedal-go-kart-mit-luftreifen-blau\/","title":{"rendered":"Pedal Go-Kart mit Luftreifen Blau"},"content":{"rendered":"<p>Mit diesem Pedal Go-Kart, das durch sein modernes Design und seine Kindersicherheit besticht, sind Fahrspa\u00df und l\u00e4ssige Touren f\u00fcr Ihre Kinder garantiert! Der gro\u00dfe Sitz ist sehr komfortabel. Dank der luftbereiften Gummireifen kann das Go-kart leicht vor- und r\u00fcckw\u00e4rts gefahren werden und die Fahrt verl\u00e4uft stabil ohne Zwischenf\u00e4lle. Mit den Handbremsen kann das Go-kart sicher gestoppt werden. Dieses Go-Kart eignet sich f\u00fcr Kinder ab drei Jahren.<\/p>\n<ul>\n<li>Farbe: Blau und Schwarz<\/li>\n<li>Material: Eisen und Kunststoff<\/li>\n<li>Abmessungen: 90 x 50 x 51 cm (L x B x H)<\/li>\n<li>Mit luftbereiften Gummir\u00e4dern<\/li>\n<li>Radgr\u00f6\u00dfe (vorne): 19,6 cm<\/li>\n<li>Radgr\u00f6\u00dfe (hinten): 21,6 cm<\/li>\n<li>Mit Handbremsen<\/li>\n<li>Max. Tragf\u00e4higkeit: 30 kg<\/li>\n<li>WARNHINWEIS: Nicht f\u00fcr Kinder unter 36 Monaten geeignet.<\/li>\n<li>WARNHINWEIS: Benutzung unter unmittelbarer Aufsicht von Erwachsenen.<\/li>\n<li>WARNHINWEIS: Mit Schutzausr\u00fcstung zu benutzen. Nicht im Stra\u00dfenverkehr zu verwenden.<\/li>\n<\/ul>\n","protected":false},"excerpt":{"rendered":"<ul>\n<li>Farbe: Blau und Schwarz<\/li>\n<li>Material: Eisen und Kunststoff<\/li>\n<li>Abmessungen: 90 x 50 x 51 cm (L x B x H)<\/li>\n<li>Mit luftbereiften Gummir\u00e4dern<\/li>\n<li>Radgr\u00f6\u00dfe (vorne): 19,6 cm<\/li>\n<li>Radgr\u00f6\u00dfe (hinten): 21,6 cm<\/li>\n<li>Mit Handbremsen<\/li>\n<li>Max. Tragf\u00e4higkeit: 30 kg<\/li>\n<li>WARNHINWEIS: Nicht f\u00fcr Kinder unter 36 Monaten geeignet.<\/li>\n<li>WARNHINWEIS: Benutzung unter unmittelbarer Aufsicht von Erwachsenen.<\/li>\n<li>WARNHINWEIS: Mit Schutzausr\u00fcstung zu benutzen. Nicht im Stra\u00dfenverkehr zu verwenden.<\/li>\n<\/ul>\n","protected":false},"featured_media":10000055632,"comment_status":"closed","ping_status":"closed","template":"","meta":[],"product_brand":[],"product_cat":[6877,5561,6853,6852],"product_tag":[],"class_list":{"0":"post-55632","1":"product","2":"type-product","3":"status-publish","4":"has-post-thumbnail","6":"product_cat-kinderfahrzeuge","7":"product_cat-lauflernwagen-rutsch-tretfahrzeuge","8":"product_cat-spielzeuge","9":"product_cat-spielzeuge-spiele","11":"first","12":"instock","13":"taxable","14":"shipping-taxable","15":"purchasable","16":"product-type-simple","17":"add-to-wishlist-after_add_to_cart"},"jetpack_sharing_enabled":true,"_links":{"self":[{"href":"https:\/\/de-prime.com\/index.php\/wp-json\/wp\/v2\/product\/55632","targetHints":{"allow":["GET"]}}],"collection":[{"href":"https:\/\/de-prime.com\/index.php\/wp-json\/wp\/v2\/product"}],"about":[{"href":"https:\/\/de-prime.com\/index.php\/wp-json\/wp\/v2\/types\/product"}],"replies":[{"embeddable":true,"href":"https:\/\/de-prime.com\/index.php\/wp-json\/wp\/v2\/comments?post=55632"}],"wp:featuredmedia":[{"embeddable":true,"href":"https:\/\/de-prime.com\/index.php\/wp-json\/"}],"wp:attachment":[{"href":"https:\/\/de-prime.com\/index.php\/wp-json\/wp\/v2\/media?parent=55632"}],"wp:term":[{"taxonomy":"product_brand","embeddable":true,"href":"https:\/\/de-prime.com\/index.php\/wp-json\/wp\/v2\/product_brand?post=55632"},{"taxonomy":"product_cat","embeddable":true,"href":"https:\/\/de-prime.com\/index.php\/wp-json\/wp\/v2\/product_cat?post=55632"},{"taxonomy":"product_tag","embeddable":true,"href":"https:\/\/de-prime.com\/index.php\/wp-json\/wp\/v2\/product_tag?post=55632"}],"curies":[{"name":"wp","href":"https:\/\/api.w.org\/{rel}","templated":true}]}}