{"id":55614,"date":"2024-10-01T16:11:56","date_gmt":"2024-10-01T16:11:56","guid":{"rendered":"https:\/\/de-prime.com\/?p=55614"},"modified":"2024-10-01T16:40:23","modified_gmt":"2024-10-01T16:40:23","slug":"kinderroller-2-in-1-rot","status":"publish","type":"product","link":"https:\/\/de-prime.com\/index.php\/product\/kinderroller-2-in-1-rot\/","title":{"rendered":"Kinderroller 2-in-1 Rot"},"content":{"rendered":"<p>Dieser 2-in-1-Kinderroller eignet sich hervorragend, um Gleichgewicht, Koordination und Lenkung zu verbessern. 2-in-1-Design: Der Roller kann innerhalb weniger Minuten in ein Laufrad umgewandelt werden. Du musst nur das zentrale Fach umklappen, einen Sitz anbringen und schon ist er als Laufrad einsatzbereit.Bequem und sicher: Dieser Kinderroller verf\u00fcgt \u00fcber einen rutschfesten Lenker, einen bequemen Sitz aus PU-Leder und pannensichere Reifen, um den Komfort und die Sicherheit deines Kindes zu gew\u00e4hrleisten.Tragbar: Der Kinderroller verf\u00fcgt \u00fcber einen praktischen Tragegriff und l\u00e4sst sich dank seiner Leichtbauweise m\u00fchelos transportieren. Du kannst es \u00fcberall mitnehmen, um deinem Kind endlosen Spa\u00df und Mobilit\u00e4t zu bieten.<\/p>\n<ul>\n<li>Farbe: Rot und Schwarz<\/li>\n<li>Rahmen-Material: Sperrholz<\/li>\n<li>Radmaterial: EVA (Ethylen-Vinylacetat)<\/li>\n<li>Material des Sitzbezugs: PU (Polyurethan)<\/li>\n<li>Gesamtabmessungen: 97 x 36 x 58 cm (L x B x H)<\/li>\n<li>Sitzgr\u00f6\u00dfe: 17 x 9 cm (L x B)<\/li>\n<li>Sitzh\u00f6he: 35 cm<\/li>\n<li>Gr\u00f6\u00dfe der Trittfl\u00e4che: 25 x 12,5 cm (L x B)<\/li>\n<li>Abmessungen der R\u00e4der (pro St\u00fcck): 17,5 x 5 cm (Durchmesser x B)<\/li>\n<li>Lenker innerhalb von 135 Grad einstellbar<\/li>\n<li>Empfohlenes Alter: 2-5 Jahre<\/li>\n<li>Max. Belastbarkeit: 50 kg<\/li>\n<li>Zusammenbau erforderlich: Ja<\/li>\n<li>WARNHINWEIS: Benutzung unter unmittelbarer Aufsicht von Erwachsenen.<\/li>\n<li>WARNHINWEIS: Mit Schutzausr\u00fcstung zu benutzen. Nicht im Stra\u00dfenverkehr zu verwenden.<\/li>\n<\/ul>\n","protected":false},"excerpt":{"rendered":"<ul>\n<li>Farbe: Rot und Schwarz<\/li>\n<li>Rahmen-Material: Sperrholz<\/li>\n<li>Radmaterial: EVA (Ethylen-Vinylacetat)<\/li>\n<li>Material des Sitzbezugs: PU (Polyurethan)<\/li>\n<li>Gesamtabmessungen: 97 x 36 x 58 cm (L x B x H)<\/li>\n<li>Sitzgr\u00f6\u00dfe: 17 x 9 cm (L x B)<\/li>\n<li>Sitzh\u00f6he: 35 cm<\/li>\n<li>Gr\u00f6\u00dfe der Trittfl\u00e4che: 25 x 12,5 cm (L x B)<\/li>\n<li>Abmessungen der R\u00e4der (pro St\u00fcck): 17,5 x 5 cm (Durchmesser x B)<\/li>\n<li>Lenker innerhalb von 135 Grad einstellbar<\/li>\n<li>Empfohlenes Alter: 2-5 Jahre<\/li>\n<li>Max. Belastbarkeit: 50 kg<\/li>\n<li>Zusammenbau erforderlich: Ja<\/li>\n<li>WARNHINWEIS: Benutzung unter unmittelbarer Aufsicht von Erwachsenen.<\/li>\n<li>WARNHINWEIS: Mit Schutzausr\u00fcstung zu benutzen. Nicht im Stra\u00dfenverkehr zu verwenden.<\/li>\n<\/ul>\n","protected":false},"featured_media":10000055614,"comment_status":"closed","ping_status":"closed","template":"","meta":[],"product_brand":[],"product_cat":[6877,5561,6853,6852],"product_tag":[],"class_list":{"0":"post-55614","1":"product","2":"type-product","3":"status-publish","4":"has-post-thumbnail","6":"product_cat-kinderfahrzeuge","7":"product_cat-lauflernwagen-rutsch-tretfahrzeuge","8":"product_cat-spielzeuge","9":"product_cat-spielzeuge-spiele","11":"first","12":"instock","13":"taxable","14":"shipping-taxable","15":"purchasable","16":"product-type-simple","17":"add-to-wishlist-after_add_to_cart"},"jetpack_sharing_enabled":true,"_links":{"self":[{"href":"https:\/\/de-prime.com\/index.php\/wp-json\/wp\/v2\/product\/55614","targetHints":{"allow":["GET"]}}],"collection":[{"href":"https:\/\/de-prime.com\/index.php\/wp-json\/wp\/v2\/product"}],"about":[{"href":"https:\/\/de-prime.com\/index.php\/wp-json\/wp\/v2\/types\/product"}],"replies":[{"embeddable":true,"href":"https:\/\/de-prime.com\/index.php\/wp-json\/wp\/v2\/comments?post=55614"}],"wp:featuredmedia":[{"embeddable":true,"href":"https:\/\/de-prime.com\/index.php\/wp-json\/"}],"wp:attachment":[{"href":"https:\/\/de-prime.com\/index.php\/wp-json\/wp\/v2\/media?parent=55614"}],"wp:term":[{"taxonomy":"product_brand","embeddable":true,"href":"https:\/\/de-prime.com\/index.php\/wp-json\/wp\/v2\/product_brand?post=55614"},{"taxonomy":"product_cat","embeddable":true,"href":"https:\/\/de-prime.com\/index.php\/wp-json\/wp\/v2\/product_cat?post=55614"},{"taxonomy":"product_tag","embeddable":true,"href":"https:\/\/de-prime.com\/index.php\/wp-json\/wp\/v2\/product_tag?post=55614"}],"curies":[{"name":"wp","href":"https:\/\/api.w.org\/{rel}","templated":true}]}}