{"id":55560,"date":"2024-10-01T16:11:52","date_gmt":"2024-10-01T16:11:52","guid":{"rendered":"https:\/\/de-prime.com\/?p=55560"},"modified":"2024-10-01T16:37:35","modified_gmt":"2024-10-01T16:37:35","slug":"kletterseil-mit-fusstritten-200-cm","status":"publish","type":"product","link":"https:\/\/de-prime.com\/index.php\/product\/kletterseil-mit-fusstritten-200-cm\/","title":{"rendered":"Kletterseil mit Fu\u00dftritten 200 cm"},"content":{"rendered":"<p>Dieses Kletterseil mit Fu\u00dftritten bietet viel Unterhaltung und Bewegung f\u00fcr Jungen und M\u00e4dchen. Es f\u00f6rdert den Gleichgewichtssinn, die Koordination und das Selbstvertrauen der Kinder! Dieses Seil ist aus PE gefertigt und garantiert stundenlangen Spielspa\u00df und jahrelanges Spielen bei zuverl\u00e4ssiger Sicherheit. Das Kletterseil mit Haken l\u00e4sst sich leicht an einem Schaukelgestell oder einem Ast befestigen. Die mehrfarbigen Stufen werden den Kindern gut gefallen.<\/p>\n<ul>\n<li>Farbe: Braun<\/li>\n<li>Material: PE<\/li>\n<li>Abmessungen: 2,6 x 200 cm (Durchmesser x H)<\/li>\n<li>Verf\u00fcgt \u00fcber Fu\u00dftritte aus Kunststoff<\/li>\n<li>Geeignet f\u00fcr den Einsatz im Garten, Spielplatz, auf B\u00e4umen und Schaukelgestell<\/li>\n<li><strong>ACHTUNG:<\/strong> Nur f\u00fcr den Hausgebrauch<\/li>\n<li><strong>ACHTUNG:<\/strong> Nur f\u00fcr den Au\u00dfenbereich<\/li>\n<li><strong>ACHTUNG:<\/strong> Maximales Benutzergewicht: 60 kg<\/li>\n<li><strong>ACHTUNG: <\/strong> Nicht geeignet f\u00fcr Kinder unter 36 Monaten<\/li>\n<li>WARNHINWEIS: Nicht f\u00fcr Kinder unter 36 Monaten geeignet.<\/li>\n<li>WARNHINWEIS: Nur f\u00fcr den Hausgebrauch.<\/li>\n<\/ul>\n","protected":false},"excerpt":{"rendered":"<ul>\n<li>Farbe: Braun<\/li>\n<li>Material: PE<\/li>\n<li>Abmessungen: 2,6 x 200 cm (Durchmesser x H)<\/li>\n<li>Verf\u00fcgt \u00fcber Fu\u00dftritte aus Kunststoff<\/li>\n<li>Geeignet f\u00fcr den Einsatz im Garten, Spielplatz, auf B\u00e4umen und Schaukelgestell<\/li>\n<li><strong>ACHTUNG:<\/strong> Nur f\u00fcr den Hausgebrauch<\/li>\n<li><strong>ACHTUNG:<\/strong> Nur f\u00fcr den Au\u00dfenbereich<\/li>\n<li><strong>ACHTUNG:<\/strong> Maximales Benutzergewicht: 60 kg<\/li>\n<li><strong>ACHTUNG: <\/strong> Nicht geeignet f\u00fcr Kinder unter 36 Monaten<\/li>\n<li>WARNHINWEIS: Nicht f\u00fcr Kinder unter 36 Monaten geeignet.<\/li>\n<li>WARNHINWEIS: Nur f\u00fcr den Hausgebrauch.<\/li>\n<\/ul>\n","protected":false},"featured_media":10000055560,"comment_status":"closed","ping_status":"closed","template":"","meta":[],"product_brand":[],"product_cat":[6919,6920,6837,6836],"product_tag":[],"class_list":{"0":"post-55560","1":"product","2":"type-product","3":"status-publish","4":"has-post-thumbnail","6":"product_cat-klettern","7":"product_cat-kletterseile","8":"product_cat-outdoor-aktivitaeten","9":"product_cat-sportartikel","11":"first","12":"instock","13":"taxable","14":"shipping-taxable","15":"purchasable","16":"product-type-simple","17":"add-to-wishlist-after_add_to_cart"},"jetpack_sharing_enabled":true,"_links":{"self":[{"href":"https:\/\/de-prime.com\/index.php\/wp-json\/wp\/v2\/product\/55560","targetHints":{"allow":["GET"]}}],"collection":[{"href":"https:\/\/de-prime.com\/index.php\/wp-json\/wp\/v2\/product"}],"about":[{"href":"https:\/\/de-prime.com\/index.php\/wp-json\/wp\/v2\/types\/product"}],"replies":[{"embeddable":true,"href":"https:\/\/de-prime.com\/index.php\/wp-json\/wp\/v2\/comments?post=55560"}],"wp:featuredmedia":[{"embeddable":true,"href":"https:\/\/de-prime.com\/index.php\/wp-json\/"}],"wp:attachment":[{"href":"https:\/\/de-prime.com\/index.php\/wp-json\/wp\/v2\/media?parent=55560"}],"wp:term":[{"taxonomy":"product_brand","embeddable":true,"href":"https:\/\/de-prime.com\/index.php\/wp-json\/wp\/v2\/product_brand?post=55560"},{"taxonomy":"product_cat","embeddable":true,"href":"https:\/\/de-prime.com\/index.php\/wp-json\/wp\/v2\/product_cat?post=55560"},{"taxonomy":"product_tag","embeddable":true,"href":"https:\/\/de-prime.com\/index.php\/wp-json\/wp\/v2\/product_tag?post=55560"}],"curies":[{"name":"wp","href":"https:\/\/api.w.org\/{rel}","templated":true}]}}

Kletterseil mit Fußtritten 200 cm

<p>Dieses Kletterseil mit Fußtritten bietet viel Unterhaltung und Bewegung für Jungen und Mädchen. Es fördert den Gleichgewichtssinn, die Koordination und das Selbstvertrauen der Kinder! Dieses Seil ist aus PE gefertigt und garantiert stundenlangen Spielspaß und jahrelanges Spielen bei zuverlässiger Sicherheit. Das Kletterseil mit Haken lässt sich leicht an einem Schaukelgestell oder einem Ast befestigen. Die mehrfarbigen Stufen werden den Kindern gut gefallen.</p>
<ul>
<li>Farbe: Braun</li>
<li>Material: PE</li>
<li>Abmessungen: 2,6 x 200 cm (Durchmesser x H)</li>
<li>Verfügt über Fußtritte aus Kunststoff</li>
<li>Geeignet für den Einsatz im Garten, Spielplatz, auf Bäumen und Schaukelgestell</li>
<li><strong>ACHTUNG:</strong> Nur für den Hausgebrauch</li>
<li><strong>ACHTUNG:</strong> Nur für den Außenbereich</li>
<li><strong>ACHTUNG:</strong> Maximales Benutzergewicht: 60 kg</li>
<li><strong>ACHTUNG: </strong> Nicht geeignet für Kinder unter 36 Monaten</li>
<li>WARNHINWEIS: Nicht für Kinder unter 36 Monaten geeignet.</li>
<li>WARNHINWEIS: Nur für den Hausgebrauch.</li>
</ul>

<ul>
<li>Farbe: Braun</li>
<li>Material: PE</li>
<li>Abmessungen: 2,6 x 200 cm (Durchmesser x H)</li>
<li>Verfügt über Fußtritte aus Kunststoff</li>
<li>Geeignet für den Einsatz im Garten, Spielplatz, auf Bäumen und Schaukelgestell</li>
<li><strong>ACHTUNG:</strong> Nur für den Hausgebrauch</li>
<li><strong>ACHTUNG:</strong> Nur für den Außenbereich</li>
<li><strong>ACHTUNG:</strong> Maximales Benutzergewicht: 60 kg</li>
<li><strong>ACHTUNG: </strong> Nicht geeignet für Kinder unter 36 Monaten</li>
<li>WARNHINWEIS: Nicht für Kinder unter 36 Monaten geeignet.</li>
<li>WARNHINWEIS: Nur für den Hausgebrauch.</li>
</ul>
