{"id":55551,"date":"2024-10-01T16:11:51","date_gmt":"2024-10-01T16:11:51","guid":{"rendered":"https:\/\/de-prime.com\/?p=55551"},"modified":"2024-10-01T16:42:30","modified_gmt":"2024-10-01T16:42:30","slug":"mini-basketballkorb-set-mit-ball-und-pumpe-innenbereich","status":"publish","type":"product","link":"https:\/\/de-prime.com\/index.php\/product\/mini-basketballkorb-set-mit-ball-und-pumpe-innenbereich\/","title":{"rendered":"Mini Basketballkorb Set mit Ball und Pumpe- Innenbereich"},"content":{"rendered":"<p>Dieses Mini Basketballkorb Set f\u00fcr den Innenbereich, das \u00fcber ein abnehmbares Design verf\u00fcgt, erm\u00f6glicht Ihnen, \u00fcberall zu spielen &#8211; im Wohnheim, im B\u00fcro, auf der Terrasse, usw. Das ganze Set ist extrem stabil. Der Basketballring hat einen Hochleistungsstahlrahmen mit einer pulverbeschichteten Oberfl\u00e4che. Hergestellt aus starkem Polyester Material, ist das Netz auch sehr dauerhaft. Um die T\u00fcr zu sch\u00fctzen, ist das Korbbrett mit einem Schaumpolster versehen. Unser Basketballkorb Set wird Ihnen eine lange Lebensdauer bringen! Zu dem Lieferumfang geh\u00f6ren 1 x Korbbrett, 1 x Basketballring, 1 x Basketballkorb, 1 x Ball und 1 x Pumpe.<\/p>\n<ul>\n<li>Ringfarbe: Orange<\/li>\n<li>Netzfarbe: Blau + rot + wei\u00df<\/li>\n<li>Korbbrett Gr\u00f6\u00dfe: 45 x 30 cm (L x B)<\/li>\n<li>Aufh\u00e4nger Gr\u00f6\u00dfe: 4,5 x 6 cm (L x T)<\/li>\n<li>Ring Durchmesser: 22 cm<\/li>\n<li>Ball Durchmesser: 15 cm<\/li>\n<li>Korbbrett Material: PVC<\/li>\n<li>Ring Material: pulverbeschichteter Stahl<\/li>\n<li>Eine Schaumstoffpolsterung wird mit dem Korbbrett mitgeliefert, um die T\u00fcr zu sch\u00fctzen<\/li>\n<li>Wichtiger Hinweis: Die Pumpe wird zuf\u00e4llig in blau oder rot geliefert<\/li>\n<li>Material: Polyester: 100%<\/li>\n<\/ul>\n","protected":false},"excerpt":{"rendered":"<ul>\n<li>Ringfarbe: Orange<\/li>\n<li>Netzfarbe: Blau + rot + wei\u00df<\/li>\n<li>Korbbrett Gr\u00f6\u00dfe: 45 x 30 cm (L x B)<\/li>\n<li>Aufh\u00e4nger Gr\u00f6\u00dfe: 4,5 x 6 cm (L x T)<\/li>\n<li>Ring Durchmesser: 22 cm<\/li>\n<li>Ball Durchmesser: 15 cm<\/li>\n<li>Korbbrett Material: PVC<\/li>\n<li>Ring Material: pulverbeschichteter Stahl<\/li>\n<li>Eine Schaumstoffpolsterung wird mit dem Korbbrett mitgeliefert, um die T\u00fcr zu sch\u00fctzen<\/li>\n<li>Wichtiger Hinweis: Die Pumpe wird zuf\u00e4llig in blau oder rot geliefert<\/li>\n<li>Material: Polyester: 100%<\/li>\n<\/ul>\n","protected":false},"featured_media":10000055551,"comment_status":"closed","ping_status":"closed","template":"","meta":[],"product_brand":[],"product_cat":[6918,6853,6852,4105],"product_tag":[],"class_list":{"0":"post-55551","1":"product","2":"type-product","3":"status-publish","4":"has-post-thumbnail","6":"product_cat-kinder-basketball-sets","7":"product_cat-spielzeuge","8":"product_cat-spielzeuge-spiele","9":"product_cat-sportspielzeuge","11":"first","12":"instock","13":"taxable","14":"shipping-taxable","15":"purchasable","16":"product-type-simple","17":"add-to-wishlist-after_add_to_cart"},"jetpack_sharing_enabled":true,"_links":{"self":[{"href":"https:\/\/de-prime.com\/index.php\/wp-json\/wp\/v2\/product\/55551","targetHints":{"allow":["GET"]}}],"collection":[{"href":"https:\/\/de-prime.com\/index.php\/wp-json\/wp\/v2\/product"}],"about":[{"href":"https:\/\/de-prime.com\/index.php\/wp-json\/wp\/v2\/types\/product"}],"replies":[{"embeddable":true,"href":"https:\/\/de-prime.com\/index.php\/wp-json\/wp\/v2\/comments?post=55551"}],"wp:featuredmedia":[{"embeddable":true,"href":"https:\/\/de-prime.com\/index.php\/wp-json\/"}],"wp:attachment":[{"href":"https:\/\/de-prime.com\/index.php\/wp-json\/wp\/v2\/media?parent=55551"}],"wp:term":[{"taxonomy":"product_brand","embeddable":true,"href":"https:\/\/de-prime.com\/index.php\/wp-json\/wp\/v2\/product_brand?post=55551"},{"taxonomy":"product_cat","embeddable":true,"href":"https:\/\/de-prime.com\/index.php\/wp-json\/wp\/v2\/product_cat?post=55551"},{"taxonomy":"product_tag","embeddable":true,"href":"https:\/\/de-prime.com\/index.php\/wp-json\/wp\/v2\/product_tag?post=55551"}],"curies":[{"name":"wp","href":"https:\/\/api.w.org\/{rel}","templated":true}]}}