{"id":55540,"date":"2024-10-01T16:11:50","date_gmt":"2024-10-01T16:11:50","guid":{"rendered":"https:\/\/de-prime.com\/?p=55540"},"modified":"2024-10-01T16:42:24","modified_gmt":"2024-10-01T16:42:24","slug":"basketballkorb-mit-staender-ball-pumpe-verstellbar-90-121-cm","status":"publish","type":"product","link":"https:\/\/de-prime.com\/index.php\/product\/basketballkorb-mit-staender-ball-pumpe-verstellbar-90-121-cm\/","title":{"rendered":"Basketballkorb mit St\u00e4nder, Ball &#038; Pumpe Verstellbar 90\/121 cm"},"content":{"rendered":"<p>Dieser Basketballst\u00e4nder eignet sich ideal, um deine Hand-Auge-Koordination zu verbessern, deinen K\u00f6rper zu st\u00e4rken, dich zu entspannen und Spa\u00df zu haben! Haltbares Material: Auf haltbaren PVC-Rohren gefertigt und mit einem R\u00fcckbrett aus ABS versehen, h\u00e4lt der Basketballkorb den Ballst\u00f6\u00dfen stand und ist auf eine jahrelange Lebensdauer ausgelegt. Zudem besteht das Netz aus Polypropylen, das seine Form selbst nach langfristigem Gebrauch beibeh\u00e4lt.Stabil und robust: F\u00fclle den St\u00e4nder aus Kunststoff hoher Dichte mit Wasser oder Sand, um f\u00fcr eine hohe Stabilit\u00e4t zu sorgen.Benutzerfreundlich: Ball und Luftpumpe sind im Lieferumfang enthalten. So kannst du sofort ein Basketballspiel genie\u00dfen.Einfacher Transport und einfache Lagerung: Das Basketball-Set besteht aus leichten Materialien und l\u00e4sst sich daher m\u00fchelos transportieren. Nach dem Gebrauch kann es einfach zerlegt und platzsparend aufbewahrt werden.Breite Anwendungen: Das Set wird den unterschiedlichsten Spielanforderungen gerecht, sei es in den eigenen vier W\u00e4nden oder im Au\u00dfenbereich.<\/p>\n<ul>\n<li>Farbe: Blau, Gelb und Wei\u00df<\/li>\n<li>Rohrmaterial: PVC<\/li>\n<li>Material des Rings und St\u00e4nders: PE (Polyethylen)<\/li>\n<li>Material des R\u00fcckbrettes: ABS (Acrylnitril-Butadien-Styrol)<\/li>\n<li>Material des Basketballnetzes: Polypropylen-Faser<\/li>\n<li>H\u00f6he: 90\/121 cm<\/li>\n<li>Durchmesser des Balls: 14 cm<\/li>\n<li>Korbdurchmesser: 24 cm<\/li>\n<li>Basisdurchmesser: 27 cm<\/li>\n<li>Gr\u00f6\u00dfe des R\u00fcckbrettes: 40 x 30 cm (L x B)<\/li>\n<li>Geeignetes Alter: 3 Jahre+<\/li>\n<li>Der St\u00e4nder muss mit Wasser oder Sand gef\u00fcllt werden<\/li>\n<li>Zusammenbau erforderlich: Ja<\/li>\n<li> <\/li>\n<li><strong>Lieferung umfasst:<\/strong><\/li>\n<li>1 x Basketballst\u00e4nder<\/li>\n<li>1 x Basketball<\/li>\n<li>1 x Pumpe<\/li>\n<\/ul>\n","protected":false},"excerpt":{"rendered":"<ul>\n<li>Farbe: Blau, Gelb und Wei\u00df<\/li>\n<li>Rohrmaterial: PVC<\/li>\n<li>Material des Rings und St\u00e4nders: PE (Polyethylen)<\/li>\n<li>Material des R\u00fcckbrettes: ABS (Acrylnitril-Butadien-Styrol)<\/li>\n<li>Material des Basketballnetzes: Polypropylen-Faser<\/li>\n<li>H\u00f6he: 90\/121 cm<\/li>\n<li>Durchmesser des Balls: 14 cm<\/li>\n<li>Korbdurchmesser: 24 cm<\/li>\n<li>Basisdurchmesser: 27 cm<\/li>\n<li>Gr\u00f6\u00dfe des R\u00fcckbrettes: 40 x 30 cm (L x B)<\/li>\n<li>Geeignetes Alter: 3 Jahre+<\/li>\n<li>Der St\u00e4nder muss mit Wasser oder Sand gef\u00fcllt werden<\/li>\n<li>Zusammenbau erforderlich: Ja<\/li>\n<li> <\/li>\n<li><strong>Lieferung umfasst:<\/strong><\/li>\n<li>1 x Basketballst\u00e4nder<\/li>\n<li>1 x Basketball<\/li>\n<li>1 x Pumpe<\/li>\n<\/ul>\n","protected":false},"featured_media":10000055540,"comment_status":"closed","ping_status":"closed","template":"","meta":[],"product_brand":[],"product_cat":[6918,6853,6852,4105],"product_tag":[],"class_list":{"0":"post-55540","1":"product","2":"type-product","3":"status-publish","4":"has-post-thumbnail","6":"product_cat-kinder-basketball-sets","7":"product_cat-spielzeuge","8":"product_cat-spielzeuge-spiele","9":"product_cat-sportspielzeuge","11":"first","12":"instock","13":"taxable","14":"shipping-taxable","15":"purchasable","16":"product-type-simple","17":"add-to-wishlist-after_add_to_cart"},"jetpack_sharing_enabled":true,"_links":{"self":[{"href":"https:\/\/de-prime.com\/index.php\/wp-json\/wp\/v2\/product\/55540","targetHints":{"allow":["GET"]}}],"collection":[{"href":"https:\/\/de-prime.com\/index.php\/wp-json\/wp\/v2\/product"}],"about":[{"href":"https:\/\/de-prime.com\/index.php\/wp-json\/wp\/v2\/types\/product"}],"replies":[{"embeddable":true,"href":"https:\/\/de-prime.com\/index.php\/wp-json\/wp\/v2\/comments?post=55540"}],"wp:featuredmedia":[{"embeddable":true,"href":"https:\/\/de-prime.com\/index.php\/wp-json\/"}],"wp:attachment":[{"href":"https:\/\/de-prime.com\/index.php\/wp-json\/wp\/v2\/media?parent=55540"}],"wp:term":[{"taxonomy":"product_brand","embeddable":true,"href":"https:\/\/de-prime.com\/index.php\/wp-json\/wp\/v2\/product_brand?post=55540"},{"taxonomy":"product_cat","embeddable":true,"href":"https:\/\/de-prime.com\/index.php\/wp-json\/wp\/v2\/product_cat?post=55540"},{"taxonomy":"product_tag","embeddable":true,"href":"https:\/\/de-prime.com\/index.php\/wp-json\/wp\/v2\/product_tag?post=55540"}],"curies":[{"name":"wp","href":"https:\/\/api.w.org\/{rel}","templated":true}]}}