{"id":55383,"date":"2024-10-01T16:11:37","date_gmt":"2024-10-01T16:11:37","guid":{"rendered":"https:\/\/de-prime.com\/?p=55383"},"modified":"2024-10-01T16:42:26","modified_gmt":"2024-10-01T16:42:26","slug":"heimtrainer-mit-riemenantrieb-weiss","status":"publish","type":"product","link":"https:\/\/de-prime.com\/index.php\/product\/heimtrainer-mit-riemenantrieb-weiss\/","title":{"rendered":"Heimtrainer mit Riemenantrieb Wei\u00df"},"content":{"rendered":"<p>Dieser kompakte und dennoch robuste Heimtrainer ist eine gro\u00dfartige Wahl zum Trainieren in den eigenen vier W\u00e4nden. Sein Display zeigt Zeit, Geschwindigkeit, Entfernung und Kalorienverbrauch w\u00e4hrend des Trainings an. Langlebiges Material: Der Rahmen ist aus Stahl gefertigt. Stahl ist ein au\u00dfergew\u00f6hnlich hartes und starkes Material. Er bietet Robustheit und Stabilit\u00e4t. Kaltgewalztes Stahlblech weist eine glatte Oberfl\u00e4che auf und l\u00e4sst sich pr\u00e4zise verarbeiten.Verstellbarer Sattel: Der Sattel l\u00e4sst sich vollst\u00e4ndig verstellen und an jede K\u00f6rpergr\u00f6\u00dfe anpassen, um ein komfortables Training gew\u00e4hrleistet. Praktisches Design: Die Pedalgurte verhindern das versehentliche Abrutschen deiner F\u00fc\u00dfe von den Pedalen. Der +\/- Knopf am Heimtrainer erm\u00f6glicht die Einstellung des Widerstands, um bei Bedarf ein intensiveres Training zu erm\u00f6glichen.<\/p>\n<ul>\n<li>Montagegr\u00f6\u00dfe: 90 x 38 x 103 cm (L x B x H)<\/li>\n<li>Farbe: Schwarz und Wei\u00df<\/li>\n<li>Material: Stahl (Rahmen) + Stahl und Kunststoff (Schwungrad)<\/li>\n<li>Maximales Benutzergewicht: 100 kg<\/li>\n<li>Gewicht des Schwungrades: 2 kg<\/li>\n<li>Computerfunktionen: Scan, Zeit, Geschwindigkeit, Entfernung, Kalorien<\/li>\n<li>Komfortabler Sattel<\/li>\n<li>Satteleinstellung: Vertikal<\/li>\n<li>Anti-Rutsch-Pedale mit Riemen<\/li>\n<li>Glatter und ger\u00e4uscharmer Riemenantrieb<\/li>\n<li>Mikro-einstellbarer Gurtwiderstand<\/li>\n<li>Mehrstufige Widerstandsregelung<\/li>\n<\/ul>\n","protected":false},"excerpt":{"rendered":"<ul>\n<li>Montagegr\u00f6\u00dfe: 90 x 38 x 103 cm (L x B x H)<\/li>\n<li>Farbe: Schwarz und Wei\u00df<\/li>\n<li>Material: Stahl (Rahmen) + Stahl und Kunststoff (Schwungrad)<\/li>\n<li>Maximales Benutzergewicht: 100 kg<\/li>\n<li>Gewicht des Schwungrades: 2 kg<\/li>\n<li>Computerfunktionen: Scan, Zeit, Geschwindigkeit, Entfernung, Kalorien<\/li>\n<li>Komfortabler Sattel<\/li>\n<li>Satteleinstellung: Vertikal<\/li>\n<li>Anti-Rutsch-Pedale mit Riemen<\/li>\n<li>Glatter und ger\u00e4uscharmer Riemenantrieb<\/li>\n<li>Mikro-einstellbarer Gurtwiderstand<\/li>\n<li>Mehrstufige Widerstandsregelung<\/li>\n<\/ul>\n","protected":false},"featured_media":10000055383,"comment_status":"closed","ping_status":"closed","template":"","meta":[],"product_brand":[],"product_cat":[6901,6902,6846,6903,6836],"product_tag":[],"class_list":{"0":"post-55383","1":"product","2":"type-product","3":"status-publish","4":"has-post-thumbnail","6":"product_cat-cardio","7":"product_cat-cardiogeraete","8":"product_cat-fitness","9":"product_cat-heimtrainer","10":"product_cat-sportartikel","12":"first","13":"instock","14":"taxable","15":"shipping-taxable","16":"purchasable","17":"product-type-simple","18":"add-to-wishlist-after_add_to_cart"},"jetpack_sharing_enabled":true,"_links":{"self":[{"href":"https:\/\/de-prime.com\/index.php\/wp-json\/wp\/v2\/product\/55383","targetHints":{"allow":["GET"]}}],"collection":[{"href":"https:\/\/de-prime.com\/index.php\/wp-json\/wp\/v2\/product"}],"about":[{"href":"https:\/\/de-prime.com\/index.php\/wp-json\/wp\/v2\/types\/product"}],"replies":[{"embeddable":true,"href":"https:\/\/de-prime.com\/index.php\/wp-json\/wp\/v2\/comments?post=55383"}],"wp:featuredmedia":[{"embeddable":true,"href":"https:\/\/de-prime.com\/index.php\/wp-json\/"}],"wp:attachment":[{"href":"https:\/\/de-prime.com\/index.php\/wp-json\/wp\/v2\/media?parent=55383"}],"wp:term":[{"taxonomy":"product_brand","embeddable":true,"href":"https:\/\/de-prime.com\/index.php\/wp-json\/wp\/v2\/product_brand?post=55383"},{"taxonomy":"product_cat","embeddable":true,"href":"https:\/\/de-prime.com\/index.php\/wp-json\/wp\/v2\/product_cat?post=55383"},{"taxonomy":"product_tag","embeddable":true,"href":"https:\/\/de-prime.com\/index.php\/wp-json\/wp\/v2\/product_tag?post=55383"}],"curies":[{"name":"wp","href":"https:\/\/api.w.org\/{rel}","templated":true}]}}