{"id":55381,"date":"2024-10-01T16:11:37","date_gmt":"2024-10-01T16:11:37","guid":{"rendered":"https:\/\/de-prime.com\/?p=55381"},"modified":"2024-10-01T16:42:24","modified_gmt":"2024-10-01T16:42:24","slug":"heimtrainer-mit-riemenantrieb-rot","status":"publish","type":"product","link":"https:\/\/de-prime.com\/index.php\/product\/heimtrainer-mit-riemenantrieb-rot\/","title":{"rendered":"Heimtrainer mit Riemenantrieb Rot"},"content":{"rendered":"<p>Dieses robuste Ergometer ist eine gute Wahl f\u00fcr das Heimtraining. Er ist mit einem Riemenantrieb, einem LCD-Display und einem verstellbaren Sattel ausgestattet, der Ihnen ein effizientes Training erm\u00f6glicht. Sie k\u00f6nnen Ihre Leistungsf\u00e4higkeit auf dem LCD-Display \u00fcberwachen, das Informationen \u00fcber die verstrichene Zeit, die aktuelle Geschwindigkeit, die Entfernung, den Kalorienverbrauch und Kilometerz\u00e4hler anzeigt. Das Fitness-Fahrrad ist ergonomisch geformt. Sein Sattel kann an Ihre K\u00f6rpergr\u00f6\u00dfe angepasst werden. Die rutschfesten Pedale erm\u00f6glichen eine optimale Kraft\u00fcbertragung von Ihren F\u00fc\u00dfen auf die Pedale. Die Pedalgurte verhindern das versehentliche Abrutschen Ihrer F\u00fc\u00dfe von den Pedalen. Der Heimtrainer muss zusammengebaut werden. Hinweis: Dies ist ein Fitness-Fahrrad f\u00fcr Anf\u00e4nger. Es hat einen einfachen Widerstands-Mechanismus ohne Schwungscheibe. Dieses Ergometer ist nicht f\u00fcr gro\u00dfe Personen geeignet: Bitte \u00fcberpr\u00fcfen Sie vor dem Kauf die Gr\u00f6\u00dfe sorgf\u00e4ltig.<\/p>\n<ul>\n<li>Farbe: Rot und Wei\u00df<\/li>\n<li>Material: Metall und Kunststoff<\/li>\n<li>Abmessungen: 64 x 41 x 101 cm (L x B x H)<\/li>\n<li>Gesamtgewicht: 11,2 kg<\/li>\n<li>Max. Benutzergewicht: 120 kg<\/li>\n<li>Mikro-einstellbarer Gurtwiderstand<\/li>\n<li>Satteleinstellung: Vertikal<\/li>\n<li>Anti-Rutsch-Pedale mit Riemen<\/li>\n<li>Gro\u00dfer LCD-Computer<\/li>\n<li>Funktionen des LCD-Computers: Scan, Zeit, Geschwindigkeit, Entfernung, Kalorienverbrauch, Kilometerz\u00e4hler<\/li>\n<\/ul>\n","protected":false},"excerpt":{"rendered":"<ul>\n<li>Farbe: Rot und Wei\u00df<\/li>\n<li>Material: Metall und Kunststoff<\/li>\n<li>Abmessungen: 64 x 41 x 101 cm (L x B x H)<\/li>\n<li>Gesamtgewicht: 11,2 kg<\/li>\n<li>Max. Benutzergewicht: 120 kg<\/li>\n<li>Mikro-einstellbarer Gurtwiderstand<\/li>\n<li>Satteleinstellung: Vertikal<\/li>\n<li>Anti-Rutsch-Pedale mit Riemen<\/li>\n<li>Gro\u00dfer LCD-Computer<\/li>\n<li>Funktionen des LCD-Computers: Scan, Zeit, Geschwindigkeit, Entfernung, Kalorienverbrauch, Kilometerz\u00e4hler<\/li>\n<\/ul>\n","protected":false},"featured_media":10000055381,"comment_status":"closed","ping_status":"closed","template":"","meta":[],"product_brand":[],"product_cat":[6901,6902,6846,6903,6836],"product_tag":[],"class_list":{"0":"post-55381","1":"product","2":"type-product","3":"status-publish","4":"has-post-thumbnail","6":"product_cat-cardio","7":"product_cat-cardiogeraete","8":"product_cat-fitness","9":"product_cat-heimtrainer","10":"product_cat-sportartikel","12":"first","13":"instock","14":"taxable","15":"shipping-taxable","16":"purchasable","17":"product-type-simple","18":"add-to-wishlist-after_add_to_cart"},"jetpack_sharing_enabled":true,"_links":{"self":[{"href":"https:\/\/de-prime.com\/index.php\/wp-json\/wp\/v2\/product\/55381","targetHints":{"allow":["GET"]}}],"collection":[{"href":"https:\/\/de-prime.com\/index.php\/wp-json\/wp\/v2\/product"}],"about":[{"href":"https:\/\/de-prime.com\/index.php\/wp-json\/wp\/v2\/types\/product"}],"replies":[{"embeddable":true,"href":"https:\/\/de-prime.com\/index.php\/wp-json\/wp\/v2\/comments?post=55381"}],"wp:featuredmedia":[{"embeddable":true,"href":"https:\/\/de-prime.com\/index.php\/wp-json\/"}],"wp:attachment":[{"href":"https:\/\/de-prime.com\/index.php\/wp-json\/wp\/v2\/media?parent=55381"}],"wp:term":[{"taxonomy":"product_brand","embeddable":true,"href":"https:\/\/de-prime.com\/index.php\/wp-json\/wp\/v2\/product_brand?post=55381"},{"taxonomy":"product_cat","embeddable":true,"href":"https:\/\/de-prime.com\/index.php\/wp-json\/wp\/v2\/product_cat?post=55381"},{"taxonomy":"product_tag","embeddable":true,"href":"https:\/\/de-prime.com\/index.php\/wp-json\/wp\/v2\/product_tag?post=55381"}],"curies":[{"name":"wp","href":"https:\/\/api.w.org\/{rel}","templated":true}]}}