{"id":55379,"date":"2024-10-01T16:11:36","date_gmt":"2024-10-01T16:11:36","guid":{"rendered":"https:\/\/de-prime.com\/?p=55379"},"modified":"2024-10-01T16:42:23","modified_gmt":"2024-10-01T16:42:23","slug":"heimtrainer-mit-riemenantrieb-blau","status":"publish","type":"product","link":"https:\/\/de-prime.com\/index.php\/product\/heimtrainer-mit-riemenantrieb-blau\/","title":{"rendered":"Heimtrainer mit Riemenantrieb Blau"},"content":{"rendered":"<p>Dieser robuste Heimtrainer ist eine gro\u00dfartige Wahl zum Trainieren in den eigenen vier W\u00e4nden. Effizientes Training: Er ist mit einem Riemenantrieb, einem LCD-Display und einem verstellbaren Sattel ausgestattet, um dir ein effizientes Training zu bieten. Echtzeit-Anzeige: Du kannst deine Leistung auf dem LCD-Display \u00fcberwachen, das Informationen \u00fcber die verstrichene Zeit, die aktuelle Geschwindigkeit, die Entfernung, den Kalorienverbrauch und einen Kilometerz\u00e4hler anzeigt. Ergonomisches Design: Das Fitnessrad ist ergonomisch geformt. Sein Sattel kann an deine K\u00f6rpergr\u00f6\u00dfe angepasst werden. Die rutschfesten Pedale erm\u00f6glichen eine optimale Kraft\u00fcbertragung von deinen F\u00fc\u00dfen auf die Pedale. Die Pedalgurte verhindern das versehentliche Abrutschen deiner F\u00fc\u00dfe von den Pedalen. Gut zu wissen:Das Fitnessrad muss zusammengebaut werden. Dieser Heimtrainer ist f\u00fcr Anf\u00e4nger bestimmt. Er verf\u00fcgt \u00fcber einen einfachen Widerstandsmechanismus ohne Schwungrad. Dieses Fitnessrad ist nicht f\u00fcr gro\u00dfe Personen geeignet. Bitte \u00fcberpr\u00fcfe beim Erwerb sorgf\u00e4ltig die Gr\u00f6\u00dfe.<\/p>\n<ul>\n<li>Farbe: Blau und Wei\u00df<\/li>\n<li>Material: Metall und Kunststoff<\/li>\n<li>Abmessungen: 64 x 41 x 101 cm (L x B x H)<\/li>\n<li>Gesamtgewicht: 11,2 kg<\/li>\n<li>Max. Benutzergewicht: 120 kg<\/li>\n<li>Mikro-einstellbarer Gurtwiderstand<\/li>\n<li>Satteleinstellung: Vertikal<\/li>\n<li>Anti-Rutsch-Pedale mit Riemen<\/li>\n<li>Gro\u00dfer LCD-Computer<\/li>\n<li>Funktionen des LCD-Computers: Scan, Zeit, Geschwindigkeit, Entfernung, Kalorienverbrauch, Kilometerz\u00e4hler<\/li>\n<\/ul>\n","protected":false},"excerpt":{"rendered":"<ul>\n<li>Farbe: Blau und Wei\u00df<\/li>\n<li>Material: Metall und Kunststoff<\/li>\n<li>Abmessungen: 64 x 41 x 101 cm (L x B x H)<\/li>\n<li>Gesamtgewicht: 11,2 kg<\/li>\n<li>Max. Benutzergewicht: 120 kg<\/li>\n<li>Mikro-einstellbarer Gurtwiderstand<\/li>\n<li>Satteleinstellung: Vertikal<\/li>\n<li>Anti-Rutsch-Pedale mit Riemen<\/li>\n<li>Gro\u00dfer LCD-Computer<\/li>\n<li>Funktionen des LCD-Computers: Scan, Zeit, Geschwindigkeit, Entfernung, Kalorienverbrauch, Kilometerz\u00e4hler<\/li>\n<\/ul>\n","protected":false},"featured_media":10000055379,"comment_status":"closed","ping_status":"closed","template":"","meta":[],"product_brand":[],"product_cat":[6901,6902,6846,6903,6836],"product_tag":[],"class_list":{"0":"post-55379","1":"product","2":"type-product","3":"status-publish","4":"has-post-thumbnail","6":"product_cat-cardio","7":"product_cat-cardiogeraete","8":"product_cat-fitness","9":"product_cat-heimtrainer","10":"product_cat-sportartikel","12":"first","13":"instock","14":"taxable","15":"shipping-taxable","16":"purchasable","17":"product-type-simple","18":"add-to-wishlist-after_add_to_cart"},"jetpack_sharing_enabled":true,"_links":{"self":[{"href":"https:\/\/de-prime.com\/index.php\/wp-json\/wp\/v2\/product\/55379","targetHints":{"allow":["GET"]}}],"collection":[{"href":"https:\/\/de-prime.com\/index.php\/wp-json\/wp\/v2\/product"}],"about":[{"href":"https:\/\/de-prime.com\/index.php\/wp-json\/wp\/v2\/types\/product"}],"replies":[{"embeddable":true,"href":"https:\/\/de-prime.com\/index.php\/wp-json\/wp\/v2\/comments?post=55379"}],"wp:featuredmedia":[{"embeddable":true,"href":"https:\/\/de-prime.com\/index.php\/wp-json\/"}],"wp:attachment":[{"href":"https:\/\/de-prime.com\/index.php\/wp-json\/wp\/v2\/media?parent=55379"}],"wp:term":[{"taxonomy":"product_brand","embeddable":true,"href":"https:\/\/de-prime.com\/index.php\/wp-json\/wp\/v2\/product_brand?post=55379"},{"taxonomy":"product_cat","embeddable":true,"href":"https:\/\/de-prime.com\/index.php\/wp-json\/wp\/v2\/product_cat?post=55379"},{"taxonomy":"product_tag","embeddable":true,"href":"https:\/\/de-prime.com\/index.php\/wp-json\/wp\/v2\/product_tag?post=55379"}],"curies":[{"name":"wp","href":"https:\/\/api.w.org\/{rel}","templated":true}]}}