{"id":55319,"date":"2024-10-01T16:11:30","date_gmt":"2024-10-01T16:11:30","guid":{"rendered":"https:\/\/de-prime.com\/?p=55319"},"modified":"2024-10-01T16:40:43","modified_gmt":"2024-10-01T16:40:43","slug":"kettlebell-kugelhantel-trainingshantel-gewicht-20kg","status":"publish","type":"product","link":"https:\/\/de-prime.com\/index.php\/product\/kettlebell-kugelhantel-trainingshantel-gewicht-20kg\/","title":{"rendered":"Kettlebell Kugelhantel Trainingshantel Gewicht 20KG"},"content":{"rendered":"<p>Diese Kugelhantel ist aus Beton mit einer Kunststoffummantelung hergestellt. Es verf\u00fcgt \u00fcber eine wuchtige und professionelle Ausf\u00fchrung. Die Kettlebell mit eingepr\u00e4gter KG-Angabe wiegt 20kg. Und dank des Materials wird es den Boden w\u00e4hrend Ihrer \u00dcbungen nicht besch\u00e4digen.<\/p>\n<ul>\n<li>Material: Beton mit Kunststoffummantelung<\/li>\n<li>Ma\u00dfe: 25 x 25 x 36 cm<\/li>\n<\/ul>\n","protected":false},"excerpt":{"rendered":"<ul>\n<li>Material: Beton mit Kunststoffummantelung<\/li>\n<li>Ma\u00dfe: 25 x 25 x 36 cm<\/li>\n<\/ul>\n","protected":false},"featured_media":10000055319,"comment_status":"closed","ping_status":"closed","template":"","meta":[],"product_brand":[],"product_cat":[6846,6899,6900,6836],"product_tag":[],"class_list":{"0":"post-55319","1":"product","2":"type-product","3":"status-publish","4":"has-post-thumbnail","6":"product_cat-fitness","7":"product_cat-gewichtheben","8":"product_cat-hanteln-gewichte","9":"product_cat-sportartikel","11":"first","12":"instock","13":"taxable","14":"shipping-taxable","15":"purchasable","16":"product-type-simple","17":"add-to-wishlist-after_add_to_cart"},"jetpack_sharing_enabled":true,"_links":{"self":[{"href":"https:\/\/de-prime.com\/index.php\/wp-json\/wp\/v2\/product\/55319","targetHints":{"allow":["GET"]}}],"collection":[{"href":"https:\/\/de-prime.com\/index.php\/wp-json\/wp\/v2\/product"}],"about":[{"href":"https:\/\/de-prime.com\/index.php\/wp-json\/wp\/v2\/types\/product"}],"replies":[{"embeddable":true,"href":"https:\/\/de-prime.com\/index.php\/wp-json\/wp\/v2\/comments?post=55319"}],"wp:featuredmedia":[{"embeddable":true,"href":"https:\/\/de-prime.com\/index.php\/wp-json\/"}],"wp:attachment":[{"href":"https:\/\/de-prime.com\/index.php\/wp-json\/wp\/v2\/media?parent=55319"}],"wp:term":[{"taxonomy":"product_brand","embeddable":true,"href":"https:\/\/de-prime.com\/index.php\/wp-json\/wp\/v2\/product_brand?post=55319"},{"taxonomy":"product_cat","embeddable":true,"href":"https:\/\/de-prime.com\/index.php\/wp-json\/wp\/v2\/product_cat?post=55319"},{"taxonomy":"product_tag","embeddable":true,"href":"https:\/\/de-prime.com\/index.php\/wp-json\/wp\/v2\/product_tag?post=55319"}],"curies":[{"name":"wp","href":"https:\/\/api.w.org\/{rel}","templated":true}]}}