{"id":55301,"date":"2024-10-01T16:11:29","date_gmt":"2024-10-01T16:11:29","guid":{"rendered":"https:\/\/de-prime.com\/?p=55301"},"modified":"2024-10-01T16:37:27","modified_gmt":"2024-10-01T16:37:27","slug":"golf-uebungsnetz-schwarz-und-orange-215x107x216-cm-polyester","status":"publish","type":"product","link":"https:\/\/de-prime.com\/index.php\/product\/golf-uebungsnetz-schwarz-und-orange-215x107x216-cm-polyester\/","title":{"rendered":"Golf-\u00dcbungsnetz Schwarz und Orange 215x107x216 cm Polyester"},"content":{"rendered":"<p>Dieses Golf-\u00dcbungsnetz eignet sich ideal f\u00fcr Golfspieler, um das Abschlagen und Cutting auszu\u00fcben. Es l\u00e4sst sich im eigenen Zuhause oder im Garten einsetzen. Langlebiges Material: Das Golfnetz ist aus Polyester gefertigt. Polyester ist ein synthetisches Material, das f\u00fcr seinen hohen UV-Schutz und seine Rei\u00dffestigkeit bekannt ist. Polyester ist wasserfest, was es zur perfekten Wahl f\u00fcr feuchte oder regnerische Umgebungen macht. Es l\u00e4sst sich auch einfach reinigen.Robuste Struktur: Mit einem Stahlgestell und Glasfaserstangen versehen, ist das Golf-Schlagnetz robust und stabil.Gro\u00dfe Netzfl\u00e4che: Die gro\u00dfe Netzfl\u00e4che bietet dir reichlich Platz, um das Netz mit jedem Schl\u00e4ger von einem Driver bis hin zu einem Lob Wedge zu treffen. Die Fl\u00e4che ist um 30 % erweitert, um auch einen fehlerhaften Schuss zu sammeln und mehr Schutz zu bieten.Breite Anwendungen: Die Golfausr\u00fcstung kann im Hinterhof, in einem Park, in einer Garage, im Keller oder auf einem beliebigen Feld verwendet werden. Es eignet sich perfekt f\u00fcr alle Altersgruppen von Herren und Damen, sei es Anf\u00e4nger oder professionelle Spieler.Einfacher Transport: Das Schlagnetz l\u00e4sst sich in der Tragetasche zum einfachen Transport und platzsparender Lagerung verpacken, um deine Trainingsanforderungen jederzeit zu erf\u00fcllen. Gut zu wissen:Um die Montage so einfach wie m\u00f6glich zu machen, wird jedes Produkt mit einer Anleitung geliefert.<\/p>\n<ul>\n<li>Farbe: Schwarz und Orange<\/li>\n<li>Material: Stoff (100 % Polyester), Stahl, Fiberglas, Oxford-Gewebe<\/li>\n<li>Gesamtabmessungen: 215 x 107 x 216 cm (L x B x H)<\/li>\n<li>Gewicht: 4,5 kg<\/li>\n<li><strong>Lieferung umfasst:<\/strong><\/li>\n<li>1 x Golf-\u00dcbungsnetz<\/li>\n<li>1 x Tragetasche<\/li>\n<\/ul>\n","protected":false},"excerpt":{"rendered":"<ul>\n<li>Farbe: Schwarz und Orange<\/li>\n<li>Material: Stoff (100 % Polyester), Stahl, Fiberglas, Oxford-Gewebe<\/li>\n<li>Gesamtabmessungen: 215 x 107 x 216 cm (L x B x H)<\/li>\n<li>Gewicht: 4,5 kg<\/li>\n<li><strong>Lieferung umfasst:<\/strong><\/li>\n<li>1 x Golf-\u00dcbungsnetz<\/li>\n<li>1 x Tragetasche<\/li>\n<\/ul>\n","protected":false},"featured_media":10000055301,"comment_status":"closed","ping_status":"closed","template":"","meta":[],"product_brand":[],"product_cat":[6893,6895,6837,6836],"product_tag":[],"class_list":{"0":"post-55301","1":"product","2":"type-product","3":"status-publish","4":"has-post-thumbnail","6":"product_cat-golf","7":"product_cat-golf-trainingshilfen","8":"product_cat-outdoor-aktivitaeten","9":"product_cat-sportartikel","11":"first","12":"instock","13":"taxable","14":"shipping-taxable","15":"purchasable","16":"product-type-simple","17":"add-to-wishlist-after_add_to_cart"},"jetpack_sharing_enabled":true,"_links":{"self":[{"href":"https:\/\/de-prime.com\/index.php\/wp-json\/wp\/v2\/product\/55301","targetHints":{"allow":["GET"]}}],"collection":[{"href":"https:\/\/de-prime.com\/index.php\/wp-json\/wp\/v2\/product"}],"about":[{"href":"https:\/\/de-prime.com\/index.php\/wp-json\/wp\/v2\/types\/product"}],"replies":[{"embeddable":true,"href":"https:\/\/de-prime.com\/index.php\/wp-json\/wp\/v2\/comments?post=55301"}],"wp:featuredmedia":[{"embeddable":true,"href":"https:\/\/de-prime.com\/index.php\/wp-json\/"}],"wp:attachment":[{"href":"https:\/\/de-prime.com\/index.php\/wp-json\/wp\/v2\/media?parent=55301"}],"wp:term":[{"taxonomy":"product_brand","embeddable":true,"href":"https:\/\/de-prime.com\/index.php\/wp-json\/wp\/v2\/product_brand?post=55301"},{"taxonomy":"product_cat","embeddable":true,"href":"https:\/\/de-prime.com\/index.php\/wp-json\/wp\/v2\/product_cat?post=55301"},{"taxonomy":"product_tag","embeddable":true,"href":"https:\/\/de-prime.com\/index.php\/wp-json\/wp\/v2\/product_tag?post=55301"}],"curies":[{"name":"wp","href":"https:\/\/api.w.org\/{rel}","templated":true}]}}