{"id":55281,"date":"2024-10-01T16:11:27","date_gmt":"2024-10-01T16:11:27","guid":{"rendered":"https:\/\/de-prime.com\/?p=55281"},"modified":"2024-10-01T16:40:29","modified_gmt":"2024-10-01T16:40:29","slug":"fussball-rebounder-doppelseitig-verstellbar-gelb-schwarz-stahl","status":"publish","type":"product","link":"https:\/\/de-prime.com\/index.php\/product\/fussball-rebounder-doppelseitig-verstellbar-gelb-schwarz-stahl\/","title":{"rendered":"Fu\u00dfball-Rebounder Doppelseitig Verstellbar Gelb Schwarz Stahl"},"content":{"rendered":"<p>Verbessere deine Fu\u00dfball-F\u00e4higkeiten mit diesem Rebounder! Strapazierf\u00e4higes Material: Das Netz des Rebounders ist aus Polyester gefertigt. Polyester ist ein synthetisches Material, das f\u00fcr seine UV-Best\u00e4ndigkeit und seine Zugfestigkeit gesch\u00e4tzt wird. Polyester ist wasserfest, was es zur perfekten Wahl f\u00fcr feuchte oder regnerische Bedingungen macht. Es l\u00e4sst sich auch einfach reinigen.Robuste Struktur: Der pulverbeschichtete Stahlrahmen verleiht der R\u00fcckprallwand Stabilit\u00e4t und Robustheit und gew\u00e4hrleistet eine lange Lebensdauer.Einstellbarer Winkel: Der Winkel des Rebounder-Netzes l\u00e4sst sich verstellen, um unterschiedlichen Trainingsanforderungen gerecht zu werden. Und die Stabilit\u00e4tsanker verhindern das Umkippen w\u00e4hrend des Gebrauchs.Praktisches Design: Der Rebounder ist leicht und l\u00e4sst sich flach zusammenklappen, sodass du ihn \u00fcberall mitnehmen kannst, sei es zum Sportclub oder zur Schule. Er l\u00e4sst sich auch im Garten oder Hinterhof einsetzen. Zudem ist jede Seite mit einer verschiedenen Netzart versehen, wodurch er sich perfekt f\u00fcr verschiedene Trainings\u00fcbungen eignet.Breite Anwendungen: Er ist f\u00fcr Fu\u00dfball-, Baseball- oder Basketball-Training bestimmt. Er eignet sich f\u00fcr eine Vielzahl von \u00dcbungen, um die Reaktionsf\u00e4higkeit, Hand- oder Fu\u00df-Augen-Koordination, Schie\u00dfen, Fangen, Passen, Werfen und Schlagen zu verbessern.<\/p>\n<ul>\n<li>Farbe: Gelb und Schwarz<\/li>\n<li>Rahmenmaterial: Pulverbeschichteter Stahl<\/li>\n<li>Netzmaterial: PE (Polyethylen)<\/li>\n<li>Abmessungen: 75 x 60-80 x 65-71 cm (L x B x H)<\/li>\n<li>H\u00f6henverstellbar<\/li>\n<li>In 5 Winkeln verstellbar<\/li>\n<li>Zusammenbau erforderlich: Ja<\/li>\n<\/ul>\n","protected":false},"excerpt":{"rendered":"<ul>\n<li>Farbe: Gelb und Schwarz<\/li>\n<li>Rahmenmaterial: Pulverbeschichteter Stahl<\/li>\n<li>Netzmaterial: PE (Polyethylen)<\/li>\n<li>Abmessungen: 75 x 60-80 x 65-71 cm (L x B x H)<\/li>\n<li>H\u00f6henverstellbar<\/li>\n<li>In 5 Winkeln verstellbar<\/li>\n<li>Zusammenbau erforderlich: Ja<\/li>\n<\/ul>\n","protected":false},"featured_media":10000055281,"comment_status":"closed","ping_status":"closed","template":"","meta":[],"product_brand":[],"product_cat":[6848,6890,6143,6836],"product_tag":[],"class_list":{"0":"post-55281","1":"product","2":"type-product","3":"status-publish","4":"has-post-thumbnail","6":"product_cat-athletik","7":"product_cat-fussball","8":"product_cat-fussballtor-zubehoer","9":"product_cat-sportartikel","11":"first","12":"instock","13":"taxable","14":"shipping-taxable","15":"purchasable","16":"product-type-simple","17":"add-to-wishlist-after_add_to_cart"},"jetpack_sharing_enabled":true,"_links":{"self":[{"href":"https:\/\/de-prime.com\/index.php\/wp-json\/wp\/v2\/product\/55281","targetHints":{"allow":["GET"]}}],"collection":[{"href":"https:\/\/de-prime.com\/index.php\/wp-json\/wp\/v2\/product"}],"about":[{"href":"https:\/\/de-prime.com\/index.php\/wp-json\/wp\/v2\/types\/product"}],"replies":[{"embeddable":true,"href":"https:\/\/de-prime.com\/index.php\/wp-json\/wp\/v2\/comments?post=55281"}],"wp:featuredmedia":[{"embeddable":true,"href":"https:\/\/de-prime.com\/index.php\/wp-json\/"}],"wp:attachment":[{"href":"https:\/\/de-prime.com\/index.php\/wp-json\/wp\/v2\/media?parent=55281"}],"wp:term":[{"taxonomy":"product_brand","embeddable":true,"href":"https:\/\/de-prime.com\/index.php\/wp-json\/wp\/v2\/product_brand?post=55281"},{"taxonomy":"product_cat","embeddable":true,"href":"https:\/\/de-prime.com\/index.php\/wp-json\/wp\/v2\/product_cat?post=55281"},{"taxonomy":"product_tag","embeddable":true,"href":"https:\/\/de-prime.com\/index.php\/wp-json\/wp\/v2\/product_tag?post=55281"}],"curies":[{"name":"wp","href":"https:\/\/api.w.org\/{rel}","templated":true}]}}