{"id":55272,"date":"2024-10-01T16:11:26","date_gmt":"2024-10-01T16:11:26","guid":{"rendered":"https:\/\/de-prime.com\/?p=55272"},"modified":"2024-10-01T16:39:48","modified_gmt":"2024-10-01T16:39:48","slug":"fussballtor-3665x91x183-cm-stahl","status":"publish","type":"product","link":"https:\/\/de-prime.com\/index.php\/product\/fussballtor-3665x91x183-cm-stahl\/","title":{"rendered":"Fu\u00dfballtor 366,5x91x183 cm Stahl"},"content":{"rendered":"<p>Spielen und trainieren Sie \u00fcberall und jederzeit mit diesem klappbaren Fu\u00dfballtor. Es ist ein perfektes tragbares Tor f\u00fcr alle Fu\u00dfballspieler. Das Fu\u00dfballtor l\u00e4sst sich in wenigen Minuten ohne Werkzeug auf- und abbauen. Der robuste Stahlrahmen und das strapazierf\u00e4hige Polyesternetz halten auch den h\u00e4rtesten Sch\u00fcssen und den widrigsten Wetterbedingungen stand. Die mitgelieferte Tragetasche macht dieses Tor extrem tragbar und kompakt, so dass Sie es \u00fcberallhin mitnehmen k\u00f6nnen, wo Sie spielen m\u00f6chten. Es ist ein gro\u00dfartiges Fu\u00dfballtor f\u00fcr Schie\u00df\u00fcbungen in Ihrem Hinterhof und auf dem Fu\u00dfballplatz.<\/p>\n<ul>\n<li>Farbe: Schwarz und Rot<\/li>\n<li>Rahmenmaterial: Stahl, Fiberglas<\/li>\n<li>Netzmaterial: Polyester<\/li>\n<li>Gesamtma\u00dfe: 366,5 x 91 x 183 cm (B x T x H)<\/li>\n<li>Witterungsbest\u00e4ndig<\/li>\n<li>Zusammenbau erforderlich: Ja<\/li>\n<li><strong>Lieferung umfasst:<\/strong><\/li>\n<li>1 x Fu\u00dfballtor<\/li>\n<li>1 x Tragetasche<\/li>\n<li>4 x U-f\u00f6rmiger Stift<\/li>\n<\/ul>\n","protected":false},"excerpt":{"rendered":"<ul>\n<li>Farbe: Schwarz und Rot<\/li>\n<li>Rahmenmaterial: Stahl, Fiberglas<\/li>\n<li>Netzmaterial: Polyester<\/li>\n<li>Gesamtma\u00dfe: 366,5 x 91 x 183 cm (B x T x H)<\/li>\n<li>Witterungsbest\u00e4ndig<\/li>\n<li>Zusammenbau erforderlich: Ja<\/li>\n<li><strong>Lieferung umfasst:<\/strong><\/li>\n<li>1 x Fu\u00dfballtor<\/li>\n<li>1 x Tragetasche<\/li>\n<li>4 x U-f\u00f6rmiger Stift<\/li>\n<\/ul>\n","protected":false},"featured_media":10000055272,"comment_status":"closed","ping_status":"closed","template":"","meta":[],"product_brand":[],"product_cat":[6848,6890,6142,6836],"product_tag":[],"class_list":{"0":"post-55272","1":"product","2":"type-product","3":"status-publish","4":"has-post-thumbnail","6":"product_cat-athletik","7":"product_cat-fussball","8":"product_cat-fussball-tore-netze","9":"product_cat-sportartikel","11":"first","12":"instock","13":"taxable","14":"shipping-taxable","15":"purchasable","16":"product-type-simple","17":"add-to-wishlist-after_add_to_cart"},"jetpack_sharing_enabled":true,"_links":{"self":[{"href":"https:\/\/de-prime.com\/index.php\/wp-json\/wp\/v2\/product\/55272","targetHints":{"allow":["GET"]}}],"collection":[{"href":"https:\/\/de-prime.com\/index.php\/wp-json\/wp\/v2\/product"}],"about":[{"href":"https:\/\/de-prime.com\/index.php\/wp-json\/wp\/v2\/types\/product"}],"replies":[{"embeddable":true,"href":"https:\/\/de-prime.com\/index.php\/wp-json\/wp\/v2\/comments?post=55272"}],"wp:featuredmedia":[{"embeddable":true,"href":"https:\/\/de-prime.com\/index.php\/wp-json\/"}],"wp:attachment":[{"href":"https:\/\/de-prime.com\/index.php\/wp-json\/wp\/v2\/media?parent=55272"}],"wp:term":[{"taxonomy":"product_brand","embeddable":true,"href":"https:\/\/de-prime.com\/index.php\/wp-json\/wp\/v2\/product_brand?post=55272"},{"taxonomy":"product_cat","embeddable":true,"href":"https:\/\/de-prime.com\/index.php\/wp-json\/wp\/v2\/product_cat?post=55272"},{"taxonomy":"product_tag","embeddable":true,"href":"https:\/\/de-prime.com\/index.php\/wp-json\/wp\/v2\/product_tag?post=55272"}],"curies":[{"name":"wp","href":"https:\/\/api.w.org\/{rel}","templated":true}]}}