{"id":55258,"date":"2024-10-01T16:11:24","date_gmt":"2024-10-01T16:11:24","guid":{"rendered":"https:\/\/de-prime.com\/?p=55258"},"modified":"2024-10-01T16:39:40","modified_gmt":"2024-10-01T16:39:40","slug":"2-tlg-mini-fussballtor-set-fuer-kinder-915x48x61-cm","status":"publish","type":"product","link":"https:\/\/de-prime.com\/index.php\/product\/2-tlg-mini-fussballtor-set-fuer-kinder-915x48x61-cm\/","title":{"rendered":"2-tlg. Mini-Fu\u00dfballtor-Set f\u00fcr Kinder 91,5x48x61 cm"},"content":{"rendered":"<p>Dieses Mini-Fu\u00dfballtor-Set, bestehend aus 2 Fu\u00dfballtoren, ist speziell f\u00fcr Kinder entworfen und bietet viel Spielspa\u00df beim Fu\u00dfball. Dank der witterungsbest\u00e4ndigen Materialien sind die Fu\u00dfballtore f\u00fcr jahrelangen Gebrauch konzipiert. Langlebiges Material: Die Torpfosten bestehen aus hochwertigem Kunststoff und das Netz ist zu 100 % aus Polyester gefertigt, was das Fu\u00dfballtor witterungsbest\u00e4ndig und wasserfest macht.Einfacher Zusammenbau: Dieses Fu\u00dfballtor-Set umfasst robuste Pfosten und Netze und l\u00e4sst sich ganz einfach zusammenbauen. Bodenhaken: Beim Einsatz im Au\u00dfenbereich kannst du die mitgelieferten Stahlhaken verwenden, um das Tor fest am Boden zu befestigen.<\/p>\n<ul>\n<li>Rahmenmaterial: Kunststoff<\/li>\n<li>Farbe: Wei\u00df &amp; Schwarz<\/li>\n<li>Gr\u00f6\u00dfe: 91,5 x 48 x 61 cm (B x T x H)<\/li>\n<li>Rohrdurchmesser: 2,5 cm<\/li>\n<li>Mit 8 Erdhaken aus Stahl<\/li>\n<li>Einfacher Zusammenbau<\/li>\n<li>Die Lieferung beinhaltet 2 St\u00fcck<\/li>\n<li>Material: Polyester: 100%<\/li>\n<\/ul>\n","protected":false},"excerpt":{"rendered":"<ul>\n<li>Rahmenmaterial: Kunststoff<\/li>\n<li>Farbe: Wei\u00df &amp; Schwarz<\/li>\n<li>Gr\u00f6\u00dfe: 91,5 x 48 x 61 cm (B x T x H)<\/li>\n<li>Rohrdurchmesser: 2,5 cm<\/li>\n<li>Mit 8 Erdhaken aus Stahl<\/li>\n<li>Einfacher Zusammenbau<\/li>\n<li>Die Lieferung beinhaltet 2 St\u00fcck<\/li>\n<li>Material: Polyester: 100%<\/li>\n<\/ul>\n","protected":false},"featured_media":10000055258,"comment_status":"closed","ping_status":"closed","template":"","meta":[],"product_brand":[],"product_cat":[6848,6890,6142,6836],"product_tag":[],"class_list":{"0":"post-55258","1":"product","2":"type-product","3":"status-publish","4":"has-post-thumbnail","6":"product_cat-athletik","7":"product_cat-fussball","8":"product_cat-fussball-tore-netze","9":"product_cat-sportartikel","11":"first","12":"instock","13":"taxable","14":"shipping-taxable","15":"purchasable","16":"product-type-simple","17":"add-to-wishlist-after_add_to_cart"},"jetpack_sharing_enabled":true,"_links":{"self":[{"href":"https:\/\/de-prime.com\/index.php\/wp-json\/wp\/v2\/product\/55258","targetHints":{"allow":["GET"]}}],"collection":[{"href":"https:\/\/de-prime.com\/index.php\/wp-json\/wp\/v2\/product"}],"about":[{"href":"https:\/\/de-prime.com\/index.php\/wp-json\/wp\/v2\/types\/product"}],"replies":[{"embeddable":true,"href":"https:\/\/de-prime.com\/index.php\/wp-json\/wp\/v2\/comments?post=55258"}],"wp:featuredmedia":[{"embeddable":true,"href":"https:\/\/de-prime.com\/index.php\/wp-json\/"}],"wp:attachment":[{"href":"https:\/\/de-prime.com\/index.php\/wp-json\/wp\/v2\/media?parent=55258"}],"wp:term":[{"taxonomy":"product_brand","embeddable":true,"href":"https:\/\/de-prime.com\/index.php\/wp-json\/wp\/v2\/product_brand?post=55258"},{"taxonomy":"product_cat","embeddable":true,"href":"https:\/\/de-prime.com\/index.php\/wp-json\/wp\/v2\/product_cat?post=55258"},{"taxonomy":"product_tag","embeddable":true,"href":"https:\/\/de-prime.com\/index.php\/wp-json\/wp\/v2\/product_tag?post=55258"}],"curies":[{"name":"wp","href":"https:\/\/api.w.org\/{rel}","templated":true}]}}