{"id":55247,"date":"2024-10-01T16:11:23","date_gmt":"2024-10-01T16:11:23","guid":{"rendered":"https:\/\/de-prime.com\/?p=55247"},"modified":"2024-10-01T16:37:35","modified_gmt":"2024-10-01T16:37:35","slug":"fussballtore-2-stk-mit-netzen-182x61x122-cm-stahl-weiss","status":"publish","type":"product","link":"https:\/\/de-prime.com\/index.php\/product\/fussballtore-2-stk-mit-netzen-182x61x122-cm-stahl-weiss\/","title":{"rendered":"Fu\u00dfballtore 2 Stk. mit Netzen 182\u00d761\u00d7122 cm Stahl Wei\u00df"},"content":{"rendered":"<p>Diese Fu\u00dfballtore haben stabile Pfosten und kompakte Netze. Sie sind sowohl f\u00fcr Erwachsene als auch f\u00fcr Kinder zum Spielen oder zur Teilnahme an Sportwettk\u00e4mpfen konzipiert. Die hochwertigen Stahlrahmen sorgen f\u00fcr h\u00f6chste Stabilit\u00e4t und gew\u00e4hrleisten eine lange Lebensdauer und eine ausgezeichnete Haltbarkeit durch wetterfeste Materialien. Die Netze sind aus 100% Polyester gefertigt, wodurch sie witterungsbest\u00e4ndig und wasserdicht sind. Die Fu\u00dfballtore werden komplett mit stabilen Rohren geliefert und sind sehr einfach zu montieren. Wenn im Freien platziert, k\u00f6nnen Sie die Tore mit den mitgelieferten Stahlhaken fest am Boden verankern. Unsere Fu\u00dfballtore sind eine gro\u00dfartige Kombination aus Stil und Funktionalit\u00e4t. Die Lieferung beinhaltet 2 Fu\u00dfballtor mit Netz, 16 Stahlrohre und 12 Stahlhaken.<\/p>\n<ul>\n<li>Langlebiger lackierter Stahlrahmen<\/li>\n<li>Farbe: Wei\u00df<\/li>\n<li>Gr\u00f6\u00dfe: 182 x 61 x 122 cm (B x T x H)<\/li>\n<li>Rohrdurchmesser: 2,2 cm<\/li>\n<li>Witterungsbest\u00e4ndig<\/li>\n<li><strong>Lieferung beinhaltet:<\/strong><\/li>\n<li>2 x Fu\u00dfballtor mit Netz<\/li>\n<li>16 x Stahlrohr<\/li>\n<li>12 x Stahlhaken<\/li>\n<\/ul>\n","protected":false},"excerpt":{"rendered":"<ul>\n<li>Langlebiger lackierter Stahlrahmen<\/li>\n<li>Farbe: Wei\u00df<\/li>\n<li>Gr\u00f6\u00dfe: 182 x 61 x 122 cm (B x T x H)<\/li>\n<li>Rohrdurchmesser: 2,2 cm<\/li>\n<li>Witterungsbest\u00e4ndig<\/li>\n<li><strong>Lieferung beinhaltet:<\/strong><\/li>\n<li>2 x Fu\u00dfballtor mit Netz<\/li>\n<li>16 x Stahlrohr<\/li>\n<li>12 x Stahlhaken<\/li>\n<\/ul>\n","protected":false},"featured_media":10000055247,"comment_status":"closed","ping_status":"closed","template":"","meta":[],"product_brand":[],"product_cat":[6848,6890,6142,6836],"product_tag":[],"class_list":{"0":"post-55247","1":"product","2":"type-product","3":"status-publish","4":"has-post-thumbnail","6":"product_cat-athletik","7":"product_cat-fussball","8":"product_cat-fussball-tore-netze","9":"product_cat-sportartikel","11":"first","12":"instock","13":"taxable","14":"shipping-taxable","15":"purchasable","16":"product-type-simple","17":"add-to-wishlist-after_add_to_cart"},"jetpack_sharing_enabled":true,"_links":{"self":[{"href":"https:\/\/de-prime.com\/index.php\/wp-json\/wp\/v2\/product\/55247","targetHints":{"allow":["GET"]}}],"collection":[{"href":"https:\/\/de-prime.com\/index.php\/wp-json\/wp\/v2\/product"}],"about":[{"href":"https:\/\/de-prime.com\/index.php\/wp-json\/wp\/v2\/types\/product"}],"replies":[{"embeddable":true,"href":"https:\/\/de-prime.com\/index.php\/wp-json\/wp\/v2\/comments?post=55247"}],"wp:featuredmedia":[{"embeddable":true,"href":"https:\/\/de-prime.com\/index.php\/wp-json\/"}],"wp:attachment":[{"href":"https:\/\/de-prime.com\/index.php\/wp-json\/wp\/v2\/media?parent=55247"}],"wp:term":[{"taxonomy":"product_brand","embeddable":true,"href":"https:\/\/de-prime.com\/index.php\/wp-json\/wp\/v2\/product_brand?post=55247"},{"taxonomy":"product_cat","embeddable":true,"href":"https:\/\/de-prime.com\/index.php\/wp-json\/wp\/v2\/product_cat?post=55247"},{"taxonomy":"product_tag","embeddable":true,"href":"https:\/\/de-prime.com\/index.php\/wp-json\/wp\/v2\/product_tag?post=55247"}],"curies":[{"name":"wp","href":"https:\/\/api.w.org\/{rel}","templated":true}]}}