{"id":55186,"date":"2024-10-01T16:11:18","date_gmt":"2024-10-01T16:11:18","guid":{"rendered":"https:\/\/de-prime.com\/?p=55186"},"modified":"2024-10-01T16:37:17","modified_gmt":"2024-10-01T16:37:17","slug":"fahrradstaender-fuer-2-fahrraeder-freistehend-verzinkter-stahl-3","status":"publish","type":"product","link":"https:\/\/de-prime.com\/index.php\/product\/fahrradstaender-fuer-2-fahrraeder-freistehend-verzinkter-stahl-3\/","title":{"rendered":"Fahrradst\u00e4nder f\u00fcr 2 Fahrr\u00e4der Freistehend Verzinkter Stahl"},"content":{"rendered":"<p>Verwende diesen Fahrradst\u00e4nder, um deine Fahrr\u00e4der sicher und effizient abzustellen und so wertvollen Platz zu sparen.Robust und langlebig: Dieser Fahrradst\u00e4nder ist aus verzinktem Stahl gefertigt, wodurch er robust, korrosionsbest\u00e4ndig, langlebig und leicht ist und sich leicht transportieren l\u00e4sst.Platzsparend: Dank der B\u00fcgel in verschiedenen H\u00f6hen bietet dieser Fahrradst\u00e4nder Platz f\u00fcr zwei Fahrr\u00e4der, ohne dass sich die Lenker ineinander verfangen, wodurch der verf\u00fcgbare Platz auf effiziente Weise optimiert wird.Stabile Struktur: Mit den mitgelieferten Schrauben l\u00e4sst sich der Fahrradst\u00e4nder sicher befestigen, um das Umkippen zu verhindern und die Stabilit\u00e4t zu gew\u00e4hrleisten.Vielseitig einsetzbar: Der Fahrradst\u00e4nder eignet sich f\u00fcr Fahrr\u00e4der mit einer Reifenbreite von bis zu 55 mm und l\u00e4sst sich in verschiedenen Einrichtungen sowohl im Innen- als auch im Au\u00dfenbereich einsetzen, sei es in Garagen, Lagerhallen, Schulen oder Gesch\u00e4ften.<\/p>\n<ul>\n<li>Farbe: Silbern<\/li>\n<li>Material: Verzinkter Stahl<\/li>\n<li>Gesamtabmessungen: 43,5 x 41 x 42 cm (L x B x H)<\/li>\n<li>Abstand zischen den Halteb\u00fcgeln: 55 mm<\/li>\n<li>Abstand zwischen Fahrradmitten: 320 mm<\/li>\n<li>B\u00fcgel in verschiedenen H\u00f6hen<\/li>\n<li>F\u00fcr bis zu 2 Fahrr\u00e4der<\/li>\n<li>Befestigungsmaterial inklusive<\/li>\n<li>Mit 2 Dehnschrauben und 2 Bodenschrauben<\/li>\n<li>Zusammenbau erforderlich: Ja<\/li>\n<\/ul>\n","protected":false},"excerpt":{"rendered":"<ul>\n<li>Farbe: Silbern<\/li>\n<li>Material: Verzinkter Stahl<\/li>\n<li>Gesamtabmessungen: 43,5 x 41 x 42 cm (L x B x H)<\/li>\n<li>Abstand zischen den Halteb\u00fcgeln: 55 mm<\/li>\n<li>Abstand zwischen Fahrradmitten: 320 mm<\/li>\n<li>B\u00fcgel in verschiedenen H\u00f6hen<\/li>\n<li>F\u00fcr bis zu 2 Fahrr\u00e4der<\/li>\n<li>Befestigungsmaterial inklusive<\/li>\n<li>Mit 2 Dehnschrauben und 2 Bodenschrauben<\/li>\n<li>Zusammenbau erforderlich: Ja<\/li>\n<\/ul>\n","protected":false},"featured_media":10000055186,"comment_status":"closed","ping_status":"closed","template":"","meta":[],"product_brand":[],"product_cat":[6883,6878,6837,6875,6836],"product_tag":[],"class_list":{"0":"post-55186","1":"product","2":"type-product","3":"status-publish","4":"has-post-thumbnail","6":"product_cat-fahrradstaender-fahrradparksysteme","7":"product_cat-fahrradzubehoer","8":"product_cat-outdoor-aktivitaeten","9":"product_cat-radsport","10":"product_cat-sportartikel","12":"first","13":"instock","14":"taxable","15":"shipping-taxable","16":"purchasable","17":"product-type-simple","18":"add-to-wishlist-after_add_to_cart"},"jetpack_sharing_enabled":true,"_links":{"self":[{"href":"https:\/\/de-prime.com\/index.php\/wp-json\/wp\/v2\/product\/55186","targetHints":{"allow":["GET"]}}],"collection":[{"href":"https:\/\/de-prime.com\/index.php\/wp-json\/wp\/v2\/product"}],"about":[{"href":"https:\/\/de-prime.com\/index.php\/wp-json\/wp\/v2\/types\/product"}],"replies":[{"embeddable":true,"href":"https:\/\/de-prime.com\/index.php\/wp-json\/wp\/v2\/comments?post=55186"}],"wp:featuredmedia":[{"embeddable":true,"href":"https:\/\/de-prime.com\/index.php\/wp-json\/"}],"wp:attachment":[{"href":"https:\/\/de-prime.com\/index.php\/wp-json\/wp\/v2\/media?parent=55186"}],"wp:term":[{"taxonomy":"product_brand","embeddable":true,"href":"https:\/\/de-prime.com\/index.php\/wp-json\/wp\/v2\/product_brand?post=55186"},{"taxonomy":"product_cat","embeddable":true,"href":"https:\/\/de-prime.com\/index.php\/wp-json\/wp\/v2\/product_cat?post=55186"},{"taxonomy":"product_tag","embeddable":true,"href":"https:\/\/de-prime.com\/index.php\/wp-json\/wp\/v2\/product_tag?post=55186"}],"curies":[{"name":"wp","href":"https:\/\/api.w.org\/{rel}","templated":true}]}}

Fahrradständer für 2 Fahrräder Freistehend Verzinkter Stahl

<p>Verwende diesen Fahrradständer, um deine Fahrräder sicher und effizient abzustellen und so wertvollen Platz zu sparen.Robust und langlebig: Dieser Fahrradständer ist aus verzinktem Stahl gefertigt, wodurch er robust, korrosionsbeständig, langlebig und leicht ist und sich leicht transportieren lässt.Platzsparend: Dank der Bügel in verschiedenen Höhen bietet dieser Fahrradständer Platz für zwei Fahrräder, ohne dass sich die Lenker ineinander verfangen, wodurch der verfügbare Platz auf effiziente Weise optimiert wird.Stabile Struktur: Mit den mitgelieferten Schrauben lässt sich der Fahrradständer sicher befestigen, um das Umkippen zu verhindern und die Stabilität zu gewährleisten.Vielseitig einsetzbar: Der Fahrradständer eignet sich für Fahrräder mit einer Reifenbreite von bis zu 55 mm und lässt sich in verschiedenen Einrichtungen sowohl im Innen- als auch im Außenbereich einsetzen, sei es in Garagen, Lagerhallen, Schulen oder Geschäften.</p>
<ul>
<li>Farbe: Silbern</li>
<li>Material: Verzinkter Stahl</li>
<li>Gesamtabmessungen: 43,5 x 41 x 42 cm (L x B x H)</li>
<li>Abstand zischen den Haltebügeln: 55 mm</li>
<li>Abstand zwischen Fahrradmitten: 320 mm</li>
<li>Bügel in verschiedenen Höhen</li>
<li>Für bis zu 2 Fahrräder</li>
<li>Befestigungsmaterial inklusive</li>
<li>Mit 2 Dehnschrauben und 2 Bodenschrauben</li>
<li>Zusammenbau erforderlich: Ja</li>
</ul>

<ul>
<li>Farbe: Silbern</li>
<li>Material: Verzinkter Stahl</li>
<li>Gesamtabmessungen: 43,5 x 41 x 42 cm (L x B x H)</li>
<li>Abstand zischen den Haltebügeln: 55 mm</li>
<li>Abstand zwischen Fahrradmitten: 320 mm</li>
<li>Bügel in verschiedenen Höhen</li>
<li>Für bis zu 2 Fahrräder</li>
<li>Befestigungsmaterial inklusive</li>
<li>Mit 2 Dehnschrauben und 2 Bodenschrauben</li>
<li>Zusammenbau erforderlich: Ja</li>
</ul>
