{"id":55159,"date":"2024-10-01T16:11:12","date_gmt":"2024-10-01T16:11:12","guid":{"rendered":"https:\/\/de-prime.com\/?p=55159"},"modified":"2024-10-01T16:37:18","modified_gmt":"2024-10-01T16:37:18","slug":"fahrradtasche-fuer-gepaecktraeger-wasserdicht-21-l-schwarz","status":"publish","type":"product","link":"https:\/\/de-prime.com\/index.php\/product\/fahrradtasche-fuer-gepaecktraeger-wasserdicht-21-l-schwarz\/","title":{"rendered":"Fahrradtasche f\u00fcr Gep\u00e4cktr\u00e4ger Wasserdicht 21 L Schwarz"},"content":{"rendered":"<p>Diese einzelne Fahrradtasche bietet viel Stauraum f\u00fcr Ihre Sachen auf l\u00e4ngeren Radtouren. Aus 600D Polyester gefertigt, ist diese Packtasche wasserdicht, strapazierf\u00e4hig und leicht zu reinigen. Die Tasche verf\u00fcgt \u00fcber ein gro\u00dfes Volumen, sodass Sie viel Platz haben, um zus\u00e4tzliche Gegenst\u00e4nde mitzunehmen. Diese Aufbewahrungstasche kann einfach an der rechten Seite des Fahrrads montiert werden.<\/p>\n<ul>\n<li>Farbe: Schwarz<\/li>\n<li>Material: 600D Polyester, PVC<\/li>\n<li>Abmessungen: 34 x 18 x 30 cm (L x B x H)<\/li>\n<li>Fassungsverm\u00f6gen: 21 L<\/li>\n<li>Mit 2 Haken und 1 Gummiband<\/li>\n<li>Auf der rechten Seite des Gep\u00e4cktr\u00e4gers zu befestigen<\/li>\n<li>Wasserdicht<\/li>\n<li>Zusammenbau erforderlich: Nein<\/li>\n<\/ul>\n","protected":false},"excerpt":{"rendered":"<ul>\n<li>Farbe: Schwarz<\/li>\n<li>Material: 600D Polyester, PVC<\/li>\n<li>Abmessungen: 34 x 18 x 30 cm (L x B x H)<\/li>\n<li>Fassungsverm\u00f6gen: 21 L<\/li>\n<li>Mit 2 Haken und 1 Gummiband<\/li>\n<li>Auf der rechten Seite des Gep\u00e4cktr\u00e4gers zu befestigen<\/li>\n<li>Wasserdicht<\/li>\n<li>Zusammenbau erforderlich: Nein<\/li>\n<\/ul>\n","protected":false},"featured_media":10000055159,"comment_status":"closed","ping_status":"closed","template":"","meta":[],"product_brand":[],"product_cat":[6882,6878,6837,6875,6836],"product_tag":[],"class_list":{"0":"post-55159","1":"product","2":"type-product","3":"status-publish","4":"has-post-thumbnail","6":"product_cat-fahrradsattel-bezuege-polster","7":"product_cat-fahrradzubehoer","8":"product_cat-outdoor-aktivitaeten","9":"product_cat-radsport","10":"product_cat-sportartikel","12":"first","13":"instock","14":"taxable","15":"shipping-taxable","16":"purchasable","17":"product-type-simple","18":"add-to-wishlist-after_add_to_cart"},"jetpack_sharing_enabled":true,"_links":{"self":[{"href":"https:\/\/de-prime.com\/index.php\/wp-json\/wp\/v2\/product\/55159","targetHints":{"allow":["GET"]}}],"collection":[{"href":"https:\/\/de-prime.com\/index.php\/wp-json\/wp\/v2\/product"}],"about":[{"href":"https:\/\/de-prime.com\/index.php\/wp-json\/wp\/v2\/types\/product"}],"replies":[{"embeddable":true,"href":"https:\/\/de-prime.com\/index.php\/wp-json\/wp\/v2\/comments?post=55159"}],"wp:featuredmedia":[{"embeddable":true,"href":"https:\/\/de-prime.com\/index.php\/wp-json\/"}],"wp:attachment":[{"href":"https:\/\/de-prime.com\/index.php\/wp-json\/wp\/v2\/media?parent=55159"}],"wp:term":[{"taxonomy":"product_brand","embeddable":true,"href":"https:\/\/de-prime.com\/index.php\/wp-json\/wp\/v2\/product_brand?post=55159"},{"taxonomy":"product_cat","embeddable":true,"href":"https:\/\/de-prime.com\/index.php\/wp-json\/wp\/v2\/product_cat?post=55159"},{"taxonomy":"product_tag","embeddable":true,"href":"https:\/\/de-prime.com\/index.php\/wp-json\/wp\/v2\/product_tag?post=55159"}],"curies":[{"name":"wp","href":"https:\/\/api.w.org\/{rel}","templated":true}]}}