{"id":55154,"date":"2024-10-01T16:11:11","date_gmt":"2024-10-01T16:11:11","guid":{"rendered":"https:\/\/de-prime.com\/?p=55154"},"modified":"2024-10-01T16:37:15","modified_gmt":"2024-10-01T16:37:15","slug":"willex-fahrradtasche-cosmos-15-l-grau-und-rot","status":"publish","type":"product","link":"https:\/\/de-prime.com\/index.php\/product\/willex-fahrradtasche-cosmos-15-l-grau-und-rot\/","title":{"rendered":"Willex Fahrradtasche Cosmos 15 L Grau und Rot"},"content":{"rendered":"<p>Die Cosmos von Willex ist eine praktische und langlebige Fahrradtasche f\u00fcr den Transport von Lebensmitteln oder einen allgemeinen t\u00e4glichen Gebrauch. Sie besteht aus hochwertigem, wasserdichtem und wasserabweisendem Polyester und h\u00e4lt den Inhalt trocken, w\u00e4hrend die auff\u00e4lligen, leicht sichtbaren, reflektierenden Muster f\u00fcr hohe Sichtbarkeit sorgen. Dar\u00fcber hinaus hat sie ein Fassungsverm\u00f6gen von 15 Litern und ist mit vier Standf\u00fc\u00dfen an der Unterseite versehen, so dass die Tasche stabil aufrecht hingestellt werden kann. Die robusten und zusammenklappbaren Seitenw\u00e4nde erlauben es, die Tasche zu falten und f\u00fcr eine einfache Aufbewahrung flach zusammenzulegen. Die Einzel-Fahrradtasche verf\u00fcgt \u00fcber eine praktische Fronttasche und zwei Seitentaschen f\u00fcr kleinere Gegenst\u00e4nde. Das Innere ist mit einem praktischen Organisationssystem ausgestattet.<\/p>\n<ul>\n<li>Farbe: Grau und Rot<\/li>\n<li>Material: Textilgewebe<\/li>\n<li>Abmessungen: 34 x 14 x 37 cm (B x T x H)<\/li>\n<li>Fassungsverm\u00f6gen: 15 L<\/li>\n<li>Reflektierende Muster mit hoher Sichtbarkeit<\/li>\n<li>Wasserdichtes und wasserabweisendes Polyester<\/li>\n<li>Mit praktischer Fronttasche und zwei Seitentaschen<\/li>\n<li>Mit praktischem Organisationssystem im Inneren<\/li>\n<li>Zusammenklappbare Seitenw\u00e4nde<\/li>\n<li>Mit stabiler Bodenplatte<\/li>\n<li>4 Standf\u00fc\u00dfe an der Unterseite<\/li>\n<\/ul>\n","protected":false},"excerpt":{"rendered":"<ul>\n<li>Farbe: Grau und Rot<\/li>\n<li>Material: Textilgewebe<\/li>\n<li>Abmessungen: 34 x 14 x 37 cm (B x T x H)<\/li>\n<li>Fassungsverm\u00f6gen: 15 L<\/li>\n<li>Reflektierende Muster mit hoher Sichtbarkeit<\/li>\n<li>Wasserdichtes und wasserabweisendes Polyester<\/li>\n<li>Mit praktischer Fronttasche und zwei Seitentaschen<\/li>\n<li>Mit praktischem Organisationssystem im Inneren<\/li>\n<li>Zusammenklappbare Seitenw\u00e4nde<\/li>\n<li>Mit stabiler Bodenplatte<\/li>\n<li>4 Standf\u00fc\u00dfe an der Unterseite<\/li>\n<\/ul>\n","protected":false},"featured_media":10000055154,"comment_status":"closed","ping_status":"closed","template":"","meta":[],"product_brand":[],"product_cat":[6882,6878,6837,6875,6836],"product_tag":[],"class_list":{"0":"post-55154","1":"product","2":"type-product","3":"status-publish","4":"has-post-thumbnail","6":"product_cat-fahrradsattel-bezuege-polster","7":"product_cat-fahrradzubehoer","8":"product_cat-outdoor-aktivitaeten","9":"product_cat-radsport","10":"product_cat-sportartikel","12":"first","13":"outofstock","14":"taxable","15":"shipping-taxable","16":"purchasable","17":"product-type-simple","18":"add-to-wishlist-after_add_to_cart"},"jetpack_sharing_enabled":true,"_links":{"self":[{"href":"https:\/\/de-prime.com\/index.php\/wp-json\/wp\/v2\/product\/55154","targetHints":{"allow":["GET"]}}],"collection":[{"href":"https:\/\/de-prime.com\/index.php\/wp-json\/wp\/v2\/product"}],"about":[{"href":"https:\/\/de-prime.com\/index.php\/wp-json\/wp\/v2\/types\/product"}],"replies":[{"embeddable":true,"href":"https:\/\/de-prime.com\/index.php\/wp-json\/wp\/v2\/comments?post=55154"}],"wp:featuredmedia":[{"embeddable":true,"href":"https:\/\/de-prime.com\/index.php\/wp-json\/"}],"wp:attachment":[{"href":"https:\/\/de-prime.com\/index.php\/wp-json\/wp\/v2\/media?parent=55154"}],"wp:term":[{"taxonomy":"product_brand","embeddable":true,"href":"https:\/\/de-prime.com\/index.php\/wp-json\/wp\/v2\/product_brand?post=55154"},{"taxonomy":"product_cat","embeddable":true,"href":"https:\/\/de-prime.com\/index.php\/wp-json\/wp\/v2\/product_cat?post=55154"},{"taxonomy":"product_tag","embeddable":true,"href":"https:\/\/de-prime.com\/index.php\/wp-json\/wp\/v2\/product_tag?post=55154"}],"curies":[{"name":"wp","href":"https:\/\/api.w.org\/{rel}","templated":true}]}}