{"id":55046,"date":"2024-10-01T16:11:01","date_gmt":"2024-10-01T16:11:01","guid":{"rendered":"https:\/\/de-prime.com\/?p=55046"},"modified":"2024-10-01T16:37:21","modified_gmt":"2024-10-01T16:37:21","slug":"fahrradanhaenger-grau-und-blau-30-kg-2","status":"publish","type":"product","link":"https:\/\/de-prime.com\/index.php\/product\/fahrradanhaenger-grau-und-blau-30-kg-2\/","title":{"rendered":"Fahrradanh\u00e4nger Grau und Blau 30 kg"},"content":{"rendered":"<p>Dieser Kinderanh\u00e4nger bietet den Kleinen beim Radfahren Komfort und Sicherheit. Der Kinder-Fahrradanh\u00e4nger ist f\u00fcr 1 bis 2 Kinder geeignet, wobei das maximale Gesamtgewicht von 30 kg nicht \u00fcberschritten werden darf. Sein 5-Punkt-Sicherheitsgurt-System bietet optimale Sicherheit f\u00fcr Kinder. Der robuste und langlebige Anh\u00e4nger ist aus hochbelastbarem Stahl gefertigt. Das Allwetterdach und der Netzstoff sch\u00fctzen die Kleinen vor Regen und Sonnenschein, w\u00e4hrend zwei transparente Seitenfenster eine tolle Sicht auf die Umgebung bieten. Dieser Fahrradanh\u00e4nger f\u00fcr Kinder verf\u00fcgt \u00fcber eine Schnellkupplung zur einfachen Befestigung am Fahrrad. Er verf\u00fcgt \u00fcber eine gut sichtbare Farbgebung und Radreflektoren f\u00fcr maximale Sichtbarkeit. Zwei Innentaschen bieten ausreichend Stauraum f\u00fcr Lebensmittel, Spielzeug und andere Notwendigkeiten. Dieser Radanh\u00e4nger kann zur einfachen Lagerung auch zusammengeklappt werden. F\u00fcr zus\u00e4tzliche Sichtbarkeit und somit erh\u00f6hte Sicherheit ist auch ein Wimpel dabei. Die Montage ist wirklich einfach.<\/p>\n<ul>\n<li>Farbe: Grau und Blau<\/li>\n<li>Material: Oxford-Gewebe + Stahl-Rahmen<\/li>\n<li>Abmessungen mit Deichsel: 137 x 77 x 87 cm (L x B x H)<\/li>\n<li>Innenraum-Abmessungen: 62 x 72 x 61 cm (B x T x H)<\/li>\n<li>Maximale Belastbarkeit: 30 kg<\/li>\n<li>Geeignet f\u00fcr 1 oder 2 Kinder<\/li>\n<li>Leichtbauweise<\/li>\n<li>Allwetter-Verdeck &amp; Insektenschutz<\/li>\n<li>Transparente Seitenfenster<\/li>\n<li>Helle Farbgebung und Rad-Reflektoren f\u00fcr gute Sichtbarkeit<\/li>\n<li>5-Punkt-Sicherheitsgurt-System<\/li>\n<li>Mit zwei Innentaschen<\/li>\n<li>Zusammenklappbar f\u00fcr einfache Aufbewahrung und Transport<\/li>\n<li>Einfacher Zusammenbau<\/li>\n<li>Eine Sicherheitsfahne ist ebenfalls im Lieferumfang enthalten<\/li>\n<li>Achtung: Nicht f\u00fcr Kinder unter 18 Monaten geeignet.<\/li>\n<li>Material: Polyester: 100%<\/li>\n<\/ul>\n","protected":false},"excerpt":{"rendered":"<ul>\n<li>Farbe: Grau und Blau<\/li>\n<li>Material: Oxford-Gewebe + Stahl-Rahmen<\/li>\n<li>Abmessungen mit Deichsel: 137 x 77 x 87 cm (L x B x H)<\/li>\n<li>Innenraum-Abmessungen: 62 x 72 x 61 cm (B x T x H)<\/li>\n<li>Maximale Belastbarkeit: 30 kg<\/li>\n<li>Geeignet f\u00fcr 1 oder 2 Kinder<\/li>\n<li>Leichtbauweise<\/li>\n<li>Allwetter-Verdeck &amp; Insektenschutz<\/li>\n<li>Transparente Seitenfenster<\/li>\n<li>Helle Farbgebung und Rad-Reflektoren f\u00fcr gute Sichtbarkeit<\/li>\n<li>5-Punkt-Sicherheitsgurt-System<\/li>\n<li>Mit zwei Innentaschen<\/li>\n<li>Zusammenklappbar f\u00fcr einfache Aufbewahrung und Transport<\/li>\n<li>Einfacher Zusammenbau<\/li>\n<li>Eine Sicherheitsfahne ist ebenfalls im Lieferumfang enthalten<\/li>\n<li>Achtung: Nicht f\u00fcr Kinder unter 18 Monaten geeignet.<\/li>\n<li>Material: Polyester: 100%<\/li>\n<\/ul>\n","protected":false},"featured_media":10000055046,"comment_status":"closed","ping_status":"closed","template":"","meta":[],"product_brand":[],"product_cat":[6880,6878,6837,6875,6836],"product_tag":[],"class_list":{"0":"post-55046","1":"product","2":"type-product","3":"status-publish","4":"has-post-thumbnail","6":"product_cat-fahrradanhaenger","7":"product_cat-fahrradzubehoer","8":"product_cat-outdoor-aktivitaeten","9":"product_cat-radsport","10":"product_cat-sportartikel","12":"first","13":"instock","14":"taxable","15":"shipping-taxable","16":"purchasable","17":"product-type-simple","18":"add-to-wishlist-after_add_to_cart"},"jetpack_sharing_enabled":true,"_links":{"self":[{"href":"https:\/\/de-prime.com\/index.php\/wp-json\/wp\/v2\/product\/55046","targetHints":{"allow":["GET"]}}],"collection":[{"href":"https:\/\/de-prime.com\/index.php\/wp-json\/wp\/v2\/product"}],"about":[{"href":"https:\/\/de-prime.com\/index.php\/wp-json\/wp\/v2\/types\/product"}],"replies":[{"embeddable":true,"href":"https:\/\/de-prime.com\/index.php\/wp-json\/wp\/v2\/comments?post=55046"}],"wp:featuredmedia":[{"embeddable":true,"href":"https:\/\/de-prime.com\/index.php\/wp-json\/"}],"wp:attachment":[{"href":"https:\/\/de-prime.com\/index.php\/wp-json\/wp\/v2\/media?parent=55046"}],"wp:term":[{"taxonomy":"product_brand","embeddable":true,"href":"https:\/\/de-prime.com\/index.php\/wp-json\/wp\/v2\/product_brand?post=55046"},{"taxonomy":"product_cat","embeddable":true,"href":"https:\/\/de-prime.com\/index.php\/wp-json\/wp\/v2\/product_cat?post=55046"},{"taxonomy":"product_tag","embeddable":true,"href":"https:\/\/de-prime.com\/index.php\/wp-json\/wp\/v2\/product_tag?post=55046"}],"curies":[{"name":"wp","href":"https:\/\/api.w.org\/{rel}","templated":true}]}}