{"id":54966,"date":"2024-10-01T16:10:54","date_gmt":"2024-10-01T16:10:54","guid":{"rendered":"https:\/\/de-prime.com\/?p=54966"},"modified":"2024-10-01T16:39:54","modified_gmt":"2024-10-01T16:39:54","slug":"proplus-fahrradabdeckung-2-fahrraeder-fuer-deichseltraeger-xl","status":"publish","type":"product","link":"https:\/\/de-prime.com\/index.php\/product\/proplus-fahrradabdeckung-2-fahrraeder-fuer-deichseltraeger-xl\/","title":{"rendered":"ProPlus Fahrradabdeckung 2 Fahrr\u00e4der f\u00fcr Deichseltr\u00e4ger XL"},"content":{"rendered":"<p>Die ProPlus Fahrradschutzh\u00fclle 330291 ist ideal f\u00fcr den Transport von Fahrr\u00e4dern am Wohnmobil oder f\u00fcr die Aufbewahrung. Dank des strapazierf\u00e4higen und hochwertigen Nylonmaterials kann die ProPlus Fahrradabdeckung maximal 2 Fahrr\u00e4der vor Regen, Schnee, Frost, Sonne, Staub und anderen Witterungseinfl\u00fcssen sch\u00fctzen. Mit einer Kordel l\u00e4sst sich diese Schutzh\u00fclle sicher auf Fahrr\u00e4der befestigen.<\/p>\n<ul>\n<li>Abmessungen (gefaltet): 7,5 x 21,8 x 30,3 cm (L x B x H)<\/li>\n<li>Material: Nylon<\/li>\n<li>Bietet optimalen Schutz vor Regen, Schnee, Frost, Sonne, Staub und anderem Schmutz<\/li>\n<li>F\u00fcr den Transport auf einem Fahrradtr\u00e4ger\/Deichseltr\u00e4ger<\/li>\n<li>Mit Gummizug und Haken f\u00fcr optimale Befestigung und Passform<\/li>\n<li>Material: Polyamid: 100%<\/li>\n<\/ul>\n","protected":false},"excerpt":{"rendered":"<ul>\n<li>Abmessungen (gefaltet): 7,5 x 21,8 x 30,3 cm (L x B x H)<\/li>\n<li>Material: Nylon<\/li>\n<li>Bietet optimalen Schutz vor Regen, Schnee, Frost, Sonne, Staub und anderem Schmutz<\/li>\n<li>F\u00fcr den Transport auf einem Fahrradtr\u00e4ger\/Deichseltr\u00e4ger<\/li>\n<li>Mit Gummizug und Haken f\u00fcr optimale Befestigung und Passform<\/li>\n<li>Material: Polyamid: 100%<\/li>\n<\/ul>\n","protected":false},"featured_media":10000054966,"comment_status":"closed","ping_status":"closed","template":"","meta":[],"product_brand":[],"product_cat":[6879,6878,6837,6875,6836],"product_tag":[],"class_list":{"0":"post-54966","1":"product","2":"type-product","3":"status-publish","4":"has-post-thumbnail","6":"product_cat-fahrradabdeckungen","7":"product_cat-fahrradzubehoer","8":"product_cat-outdoor-aktivitaeten","9":"product_cat-radsport","10":"product_cat-sportartikel","12":"first","13":"instock","14":"taxable","15":"shipping-taxable","16":"purchasable","17":"product-type-simple","18":"add-to-wishlist-after_add_to_cart"},"jetpack_sharing_enabled":true,"_links":{"self":[{"href":"https:\/\/de-prime.com\/index.php\/wp-json\/wp\/v2\/product\/54966","targetHints":{"allow":["GET"]}}],"collection":[{"href":"https:\/\/de-prime.com\/index.php\/wp-json\/wp\/v2\/product"}],"about":[{"href":"https:\/\/de-prime.com\/index.php\/wp-json\/wp\/v2\/types\/product"}],"replies":[{"embeddable":true,"href":"https:\/\/de-prime.com\/index.php\/wp-json\/wp\/v2\/comments?post=54966"}],"wp:featuredmedia":[{"embeddable":true,"href":"https:\/\/de-prime.com\/index.php\/wp-json\/"}],"wp:attachment":[{"href":"https:\/\/de-prime.com\/index.php\/wp-json\/wp\/v2\/media?parent=54966"}],"wp:term":[{"taxonomy":"product_brand","embeddable":true,"href":"https:\/\/de-prime.com\/index.php\/wp-json\/wp\/v2\/product_brand?post=54966"},{"taxonomy":"product_cat","embeddable":true,"href":"https:\/\/de-prime.com\/index.php\/wp-json\/wp\/v2\/product_cat?post=54966"},{"taxonomy":"product_tag","embeddable":true,"href":"https:\/\/de-prime.com\/index.php\/wp-json\/wp\/v2\/product_tag?post=54966"}],"curies":[{"name":"wp","href":"https:\/\/api.w.org\/{rel}","templated":true}]}}

ProPlus Fahrradabdeckung 2 Fahrräder für Deichselträger XL

<p>Die ProPlus Fahrradschutzhülle 330291 ist ideal für den Transport von Fahrrädern am Wohnmobil oder für die Aufbewahrung. Dank des strapazierfähigen und hochwertigen Nylonmaterials kann die ProPlus Fahrradabdeckung maximal 2 Fahrräder vor Regen, Schnee, Frost, Sonne, Staub und anderen Witterungseinflüssen schützen. Mit einer Kordel lässt sich diese Schutzhülle sicher auf Fahrräder befestigen.</p>
<ul>
<li>Abmessungen (gefaltet): 7,5 x 21,8 x 30,3 cm (L x B x H)</li>
<li>Material: Nylon</li>
<li>Bietet optimalen Schutz vor Regen, Schnee, Frost, Sonne, Staub und anderem Schmutz</li>
<li>Für den Transport auf einem Fahrradträger/Deichselträger</li>
<li>Mit Gummizug und Haken für optimale Befestigung und Passform</li>
<li>Material: Polyamid: 100%</li>
</ul>

<ul>
<li>Abmessungen (gefaltet): 7,5 x 21,8 x 30,3 cm (L x B x H)</li>
<li>Material: Nylon</li>
<li>Bietet optimalen Schutz vor Regen, Schnee, Frost, Sonne, Staub und anderem Schmutz</li>
<li>Für den Transport auf einem Fahrradträger/Deichselträger</li>
<li>Mit Gummizug und Haken für optimale Befestigung und Passform</li>
<li>Material: Polyamid: 100%</li>
</ul>
