{"id":54961,"date":"2024-10-01T16:10:54","date_gmt":"2024-10-01T16:10:54","guid":{"rendered":"https:\/\/de-prime.com\/?p=54961"},"modified":"2024-10-01T16:42:07","modified_gmt":"2024-10-01T16:42:07","slug":"audi-tt-rs-aufsitzauto-fuer-kinder-mit-fernsteuerung-weiss","status":"publish","type":"product","link":"https:\/\/de-prime.com\/index.php\/product\/audi-tt-rs-aufsitzauto-fuer-kinder-mit-fernsteuerung-weiss\/","title":{"rendered":"Audi TT RS Aufsitzauto f\u00fcr Kinder mit Fernsteuerung Wei\u00df"},"content":{"rendered":"<p>Dieses Audi TT RS Aufsitzauto kombiniert sportliches Design mit tollen, kindgerechten Funktionen und ist durch seine gl\u00e4nzend wei\u00dfe Farbe ein echter Hingucker. Mit zwei Vorw\u00e4rts- und R\u00fcckw\u00e4rtsg\u00e4ngen versehen, die mit einem Fu\u00dfpedal gesteuert werden k\u00f6nnen, ist es sowohl flexibel als auch sicher. Die eingebaute Musikanlage im Lenkrad sorgt f\u00fcr noch mehr Fahrspa\u00df. Mit der Fernsteuerung k\u00f6nnen Eltern sowohl die Richtung als auch die Geschwindigkeit frei kontrollieren. Das Auto ist niedrig, sodass Kinder selbst ein- und absteigen k\u00f6nnen. Es ist genauso stabil wie es aussieht und macht einfach Spa\u00df. Zusammenbau ist auch ganz einfach.<\/p>\n<ul>\n<li>Farbe: Wei\u00df<\/li>\n<li>Gr\u00f6\u00dfe: 110,2 \u00d7 59 \u00d7 47,5 cm (L x B x H)<\/li>\n<li>Material: Kunststoff<\/li>\n<li>Offiziell lizenzierter Originalartikel<\/li>\n<li>Maximale Belastbarkeit: 30 kg<\/li>\n<li>Motor: DC 6V \/ 12000 R<\/li>\n<li>Batterie: 6 V \/ 4,5 Ah<\/li>\n<li>Ladeger\u00e4t: DC 8V \/ 600 mA<\/li>\n<li>Geschwindigkeit: 2,5 km\/h<\/li>\n<li>Mit Fernsteuerungsfunktion f\u00fcr Eltern<\/li>\n<li>Eingebaute Musikanlage im Lenkrad <\/li>\n<li>Vorw\u00e4rts- und R\u00fcckw\u00e4rtsgang werden \u00fcber Fu\u00dfpedal gesteuert<\/li>\n<li>Einfache Montage<\/li>\n<li>Akku und Ladeger\u00e4t enthalten<\/li>\n<li>Erfordert 3 x 1,5 V AA-Batterien f\u00fcr die Fernsteuerung (nicht im Lieferumfang enthalten)<\/li>\n<li>Achtung: Darf nur unter der direkten Aufsicht eines Erwachsenen verwendet werden<\/li>\n<li>Achtung: Diesen E-Scooter nur auf privaten Wegen verwenden!<\/li>\n<li>Achtung: Nicht f\u00fcr Kinder unter 36 Monaten geeignet<\/li>\n<li> <\/li>\n<\/ul>\n","protected":false},"excerpt":{"rendered":"<ul>\n<li>Farbe: Wei\u00df<\/li>\n<li>Gr\u00f6\u00dfe: 110,2 \u00d7 59 \u00d7 47,5 cm (L x B x H)<\/li>\n<li>Material: Kunststoff<\/li>\n<li>Offiziell lizenzierter Originalartikel<\/li>\n<li>Maximale Belastbarkeit: 30 kg<\/li>\n<li>Motor: DC 6V \/ 12000 R<\/li>\n<li>Batterie: 6 V \/ 4,5 Ah<\/li>\n<li>Ladeger\u00e4t: DC 8V \/ 600 mA<\/li>\n<li>Geschwindigkeit: 2,5 km\/h<\/li>\n<li>Mit Fernsteuerungsfunktion f\u00fcr Eltern<\/li>\n<li>Eingebaute Musikanlage im Lenkrad <\/li>\n<li>Vorw\u00e4rts- und R\u00fcckw\u00e4rtsgang werden \u00fcber Fu\u00dfpedal gesteuert<\/li>\n<li>Einfache Montage<\/li>\n<li>Akku und Ladeger\u00e4t enthalten<\/li>\n<li>Erfordert 3 x 1,5 V AA-Batterien f\u00fcr die Fernsteuerung (nicht im Lieferumfang enthalten)<\/li>\n<li>Achtung: Darf nur unter der direkten Aufsicht eines Erwachsenen verwendet werden<\/li>\n<li>Achtung: Diesen E-Scooter nur auf privaten Wegen verwenden!<\/li>\n<li>Achtung: Nicht f\u00fcr Kinder unter 36 Monaten geeignet<\/li>\n<li> <\/li>\n<\/ul>\n","protected":false},"featured_media":10000054961,"comment_status":"closed","ping_status":"closed","template":"","meta":[],"product_brand":[],"product_cat":[5569,6877,6853,6852],"product_tag":[],"class_list":{"0":"post-54961","1":"product","2":"type-product","3":"status-publish","4":"has-post-thumbnail","6":"product_cat-elektrische-kinderfahrzeuge","7":"product_cat-kinderfahrzeuge","8":"product_cat-spielzeuge","9":"product_cat-spielzeuge-spiele","11":"first","12":"instock","13":"taxable","14":"shipping-taxable","15":"purchasable","16":"product-type-simple","17":"add-to-wishlist-after_add_to_cart"},"jetpack_sharing_enabled":true,"_links":{"self":[{"href":"https:\/\/de-prime.com\/index.php\/wp-json\/wp\/v2\/product\/54961","targetHints":{"allow":["GET"]}}],"collection":[{"href":"https:\/\/de-prime.com\/index.php\/wp-json\/wp\/v2\/product"}],"about":[{"href":"https:\/\/de-prime.com\/index.php\/wp-json\/wp\/v2\/types\/product"}],"replies":[{"embeddable":true,"href":"https:\/\/de-prime.com\/index.php\/wp-json\/wp\/v2\/comments?post=54961"}],"wp:featuredmedia":[{"embeddable":true,"href":"https:\/\/de-prime.com\/index.php\/wp-json\/"}],"wp:attachment":[{"href":"https:\/\/de-prime.com\/index.php\/wp-json\/wp\/v2\/media?parent=54961"}],"wp:term":[{"taxonomy":"product_brand","embeddable":true,"href":"https:\/\/de-prime.com\/index.php\/wp-json\/wp\/v2\/product_brand?post=54961"},{"taxonomy":"product_cat","embeddable":true,"href":"https:\/\/de-prime.com\/index.php\/wp-json\/wp\/v2\/product_cat?post=54961"},{"taxonomy":"product_tag","embeddable":true,"href":"https:\/\/de-prime.com\/index.php\/wp-json\/wp\/v2\/product_tag?post=54961"}],"curies":[{"name":"wp","href":"https:\/\/api.w.org\/{rel}","templated":true}]}}