{"id":54947,"date":"2024-10-01T16:10:52","date_gmt":"2024-10-01T16:10:52","guid":{"rendered":"https:\/\/de-prime.com\/?p=54947"},"modified":"2024-10-01T16:44:46","modified_gmt":"2024-10-01T16:44:46","slug":"compoundbogen-mit-zubehoer-und-aluminiumpfeilen-fuer-jugendliche","status":"publish","type":"product","link":"https:\/\/de-prime.com\/index.php\/product\/compoundbogen-mit-zubehoer-und-aluminiumpfeilen-fuer-jugendliche\/","title":{"rendered":"Compoundbogen mit Zubeh\u00f6r und Aluminiumpfeilen f\u00fcr Jugendliche"},"content":{"rendered":"<p>Dieser Compoundbogen mit einer Bogenl\u00e4nge von etwa 27 Zoll und einem Zuggewicht von 9 kg wurde speziell f\u00fcr Jugendliche entwickelt. Ultraleicht mit einem Gewicht von nur 1,3 kg kann dieser Jugendbogen den ganzen Tag mit Leichtigkeit herumtragen werden. Die Lieferung beinhaltet einen Compund-Bogen, eine Pfeilauflage und 4 x 25&#8243; Aluminiumpfeile.<\/p>\n<ul>\n<li>Material: Nylon-Bogen und Aluminium-Pfeile<\/li>\n<li>Bogenl\u00e4nge: 27 &#8220; (ungef\u00e4hr 68 cm)<\/li>\n<li>Zuggewicht: 9 kg<\/li>\n<li>Auszugsl\u00e4nge: 46 cm<\/li>\n<li>Bogen-Gewicht: 2,8 lb (ca. 1,3 kg)<\/li>\n<li>Let-Off: 65%<\/li>\n<li>Achtung: Dies ist kein Spielzeug!<\/li>\n<li>Achtung: Nur f\u00fcr Personen \u00fcber 14 Jahren geeignet!<\/li>\n<li>Das Paket beinhaltet eine Pfeilauflage<\/li>\n<li>Im Lieferumfang sind auch 4 x 25&#8243; Aluminiumpfeile enthalten<\/li>\n<\/ul>\n","protected":false},"excerpt":{"rendered":"<ul>\n<li>Material: Nylon-Bogen und Aluminium-Pfeile<\/li>\n<li>Bogenl\u00e4nge: 27 &#8220; (ungef\u00e4hr 68 cm)<\/li>\n<li>Zuggewicht: 9 kg<\/li>\n<li>Auszugsl\u00e4nge: 46 cm<\/li>\n<li>Bogen-Gewicht: 2,8 lb (ca. 1,3 kg)<\/li>\n<li>Let-Off: 65%<\/li>\n<li>Achtung: Dies ist kein Spielzeug!<\/li>\n<li>Achtung: Nur f\u00fcr Personen \u00fcber 14 Jahren geeignet!<\/li>\n<li>Das Paket beinhaltet eine Pfeilauflage<\/li>\n<li>Im Lieferumfang sind auch 4 x 25&#8243; Aluminiumpfeile enthalten<\/li>\n<\/ul>\n","protected":false},"featured_media":10000054947,"comment_status":"closed","ping_status":"closed","template":"","meta":[],"product_brand":[],"product_cat":[6868,6867,6869,6866,6837,6836],"product_tag":[],"class_list":{"0":"post-54947","1":"product","2":"type-product","3":"status-publish","4":"has-post-thumbnail","6":"product_cat-boegen-armbrueste","7":"product_cat-bogenschiessen","8":"product_cat-compoundboegen","9":"product_cat-jagen-und-schiessen","10":"product_cat-outdoor-aktivitaeten","11":"product_cat-sportartikel","13":"first","14":"instock","15":"taxable","16":"shipping-taxable","17":"purchasable","18":"product-type-simple","19":"add-to-wishlist-after_add_to_cart"},"jetpack_sharing_enabled":true,"_links":{"self":[{"href":"https:\/\/de-prime.com\/index.php\/wp-json\/wp\/v2\/product\/54947","targetHints":{"allow":["GET"]}}],"collection":[{"href":"https:\/\/de-prime.com\/index.php\/wp-json\/wp\/v2\/product"}],"about":[{"href":"https:\/\/de-prime.com\/index.php\/wp-json\/wp\/v2\/types\/product"}],"replies":[{"embeddable":true,"href":"https:\/\/de-prime.com\/index.php\/wp-json\/wp\/v2\/comments?post=54947"}],"wp:featuredmedia":[{"embeddable":true,"href":"https:\/\/de-prime.com\/index.php\/wp-json\/"}],"wp:attachment":[{"href":"https:\/\/de-prime.com\/index.php\/wp-json\/wp\/v2\/media?parent=54947"}],"wp:term":[{"taxonomy":"product_brand","embeddable":true,"href":"https:\/\/de-prime.com\/index.php\/wp-json\/wp\/v2\/product_brand?post=54947"},{"taxonomy":"product_cat","embeddable":true,"href":"https:\/\/de-prime.com\/index.php\/wp-json\/wp\/v2\/product_cat?post=54947"},{"taxonomy":"product_tag","embeddable":true,"href":"https:\/\/de-prime.com\/index.php\/wp-json\/wp\/v2\/product_tag?post=54947"}],"curies":[{"name":"wp","href":"https:\/\/api.w.org\/{rel}","templated":true}]}}