{"id":54879,"date":"2024-10-01T16:10:47","date_gmt":"2024-10-01T16:10:47","guid":{"rendered":"https:\/\/de-prime.com\/?p=54879"},"modified":"2024-10-01T16:37:13","modified_gmt":"2024-10-01T16:37:13","slug":"proplus-camping-insektenlampe-wiederaufladbar","status":"publish","type":"product","link":"https:\/\/de-prime.com\/index.php\/product\/proplus-camping-insektenlampe-wiederaufladbar\/","title":{"rendered":"ProPlus Camping-  &#038; Insektenlampe Wiederaufladbar"},"content":{"rendered":"<p>Diese Campingleuchte von ProPlus wird Ihre N\u00e4chte auf dem Campingplatz erleuchten. Aus Kunststoff hergestellt ist diese Campingleuchte sehr leicht und kann ganz einfach \u00fcberallhin mitgenommen werden. Der integrierte Insektenvernichter sch\u00fctzt Sie au\u00dferdem vor nervigen Insekten. Die 3,7 V 2000 mAh Li Batterie ist im Lieferumfang enthalten.<\/p>\n<ul>\n<li>Farbe: Gr\u00fcn<\/li>\n<li>Material: Kunststoff<\/li>\n<li>LED-Leuchte<\/li>\n<li>Lichtst\u00e4rke: 180 Lumen<\/li>\n<li>Mit eingebautem Insektenvernichter<\/li>\n<li>Mit einer wiederaufladbaren 3,7 V 2000 mAh Li Batterie (enthalten)<\/li>\n<li>Enth\u00e4lt ein USB-Ladekabel<\/li>\n<\/ul>\n","protected":false},"excerpt":{"rendered":"<ul>\n<li>Farbe: Gr\u00fcn<\/li>\n<li>Material: Kunststoff<\/li>\n<li>LED-Leuchte<\/li>\n<li>Lichtst\u00e4rke: 180 Lumen<\/li>\n<li>Mit eingebautem Insektenvernichter<\/li>\n<li>Mit einer wiederaufladbaren 3,7 V 2000 mAh Li Batterie (enthalten)<\/li>\n<li>Enth\u00e4lt ein USB-Ladekabel<\/li>\n<\/ul>\n","protected":false},"featured_media":10000054879,"comment_status":"closed","ping_status":"closed","template":"","meta":[],"product_brand":[],"product_cat":[6859,6861,6837,6836],"product_tag":[],"class_list":{"0":"post-54879","1":"product","2":"type-product","3":"status-publish","4":"has-post-thumbnail","6":"product_cat-camping-wandern","7":"product_cat-camping-lichter-laternen","8":"product_cat-outdoor-aktivitaeten","9":"product_cat-sportartikel","11":"first","12":"instock","13":"taxable","14":"shipping-taxable","15":"purchasable","16":"product-type-simple","17":"add-to-wishlist-after_add_to_cart"},"jetpack_sharing_enabled":true,"_links":{"self":[{"href":"https:\/\/de-prime.com\/index.php\/wp-json\/wp\/v2\/product\/54879","targetHints":{"allow":["GET"]}}],"collection":[{"href":"https:\/\/de-prime.com\/index.php\/wp-json\/wp\/v2\/product"}],"about":[{"href":"https:\/\/de-prime.com\/index.php\/wp-json\/wp\/v2\/types\/product"}],"replies":[{"embeddable":true,"href":"https:\/\/de-prime.com\/index.php\/wp-json\/wp\/v2\/comments?post=54879"}],"wp:featuredmedia":[{"embeddable":true,"href":"https:\/\/de-prime.com\/index.php\/wp-json\/"}],"wp:attachment":[{"href":"https:\/\/de-prime.com\/index.php\/wp-json\/wp\/v2\/media?parent=54879"}],"wp:term":[{"taxonomy":"product_brand","embeddable":true,"href":"https:\/\/de-prime.com\/index.php\/wp-json\/wp\/v2\/product_brand?post=54879"},{"taxonomy":"product_cat","embeddable":true,"href":"https:\/\/de-prime.com\/index.php\/wp-json\/wp\/v2\/product_cat?post=54879"},{"taxonomy":"product_tag","embeddable":true,"href":"https:\/\/de-prime.com\/index.php\/wp-json\/wp\/v2\/product_tag?post=54879"}],"curies":[{"name":"wp","href":"https:\/\/api.w.org\/{rel}","templated":true}]}}