{"id":54802,"date":"2024-10-01T16:10:41","date_gmt":"2024-10-01T16:10:41","guid":{"rendered":"https:\/\/de-prime.com\/?p=54802"},"modified":"2024-10-01T16:39:42","modified_gmt":"2024-10-01T16:39:42","slug":"baellebad-mit-50-baellen-fuer-kinder-75x75x32-cm","status":"publish","type":"product","link":"https:\/\/de-prime.com\/index.php\/product\/baellebad-mit-50-baellen-fuer-kinder-75x75x32-cm\/","title":{"rendered":"B\u00e4llebad mit 50 B\u00e4llen f\u00fcr Kinder 75x75x32 cm"},"content":{"rendered":"<p>Dieses B\u00e4llebad f\u00fcr Kinder ist f\u00fcr Kinder geeignet. Sie k\u00f6nnen spielen und Spa\u00df haben, w\u00e4hrend sie ihre Phantasie, Farbwahrnehmung F\u00e4higkeit und Unabh\u00e4ngigkeit zu verbessern. Der Ballpool besteht aus Polyester und ist mit 4 St\u00fctzstangen ausgestattet, wodurch er langlebig und einfach aufzustellen ist. So kannst du jederzeit und \u00fcberall einen sofortige Spielbereich f\u00fcr die Kleinen schaffen. Der B\u00e4lle-Pool enth\u00e4lt 50 bunte B\u00e4lle und 4 B\u00e4lle mit Tieren bedruckt, die die Entwicklung der Kinder f\u00f6rdern. Dank seiner leichten Struktur ist dieses Spielzelt kompakt und l\u00e4sst sich bei Nichtgebrauch platzsparend zusammenlegen. Hol dir dieses wunderbare Ozeanball-Spielbecken f\u00fcr dein Baby. Du kannst es auch zum Aufbewahren von Babyspielzeug verwenden.<\/p>\n<ul>\n<li>Farbe: Mehrfarbig<\/li>\n<li>Material: 170T Polyester, Kunststoff<\/li>\n<li>Gesamtabmessungen: 75 x 75 x 32 cm (B x T x H)<\/li>\n<li>Max. Benutzergewicht: 30 kg<\/li>\n<li>Zusammenbau erforderlich: Ja<\/li>\n<li><strong>Achtung:<\/strong> kleiner Ball \u2013 Erstickungsgefahr!<\/li>\n<li><strong>Achtung:<\/strong> Aufbau durch Erwachsene erforderlich.<\/li>\n<li><strong>Achtung:<\/strong>Von Feuer fernhalten.<\/li>\n<li><strong>Lieferung enth\u00e4lt:<\/strong><\/li>\n<li>50 x B\u00e4lle<\/li>\n<li>4 x Stange<\/li>\n<li>1 x Tuch<\/li>\n<li>WARNHINWEIS: Nicht f\u00fcr Kinder unter 36 Monaten geeignet.<\/li>\n<\/ul>\n","protected":false},"excerpt":{"rendered":"<ul>\n<li>Farbe: Mehrfarbig<\/li>\n<li>Material: 170T Polyester, Kunststoff<\/li>\n<li>Gesamtabmessungen: 75 x 75 x 32 cm (B x T x H)<\/li>\n<li>Max. Benutzergewicht: 30 kg<\/li>\n<li>Zusammenbau erforderlich: Ja<\/li>\n<li><strong>Achtung:<\/strong> kleiner Ball \u2013 Erstickungsgefahr!<\/li>\n<li><strong>Achtung:<\/strong> Aufbau durch Erwachsene erforderlich.<\/li>\n<li><strong>Achtung:<\/strong>Von Feuer fernhalten.<\/li>\n<li><strong>Lieferung enth\u00e4lt:<\/strong><\/li>\n<li>50 x B\u00e4lle<\/li>\n<li>4 x Stange<\/li>\n<li>1 x Tuch<\/li>\n<li>WARNHINWEIS: Nicht f\u00fcr Kinder unter 36 Monaten geeignet.<\/li>\n<\/ul>\n","protected":false},"featured_media":10000054802,"comment_status":"closed","ping_status":"closed","template":"","meta":[],"product_brand":[],"product_cat":[5824,6853,6852],"product_tag":[],"class_list":{"0":"post-54802","1":"product","2":"type-product","3":"status-publish","4":"has-post-thumbnail","6":"product_cat-baellebaeder","7":"product_cat-spielzeuge","8":"product_cat-spielzeuge-spiele","10":"first","11":"instock","12":"taxable","13":"shipping-taxable","14":"purchasable","15":"product-type-simple","16":"add-to-wishlist-after_add_to_cart"},"jetpack_sharing_enabled":true,"_links":{"self":[{"href":"https:\/\/de-prime.com\/index.php\/wp-json\/wp\/v2\/product\/54802","targetHints":{"allow":["GET"]}}],"collection":[{"href":"https:\/\/de-prime.com\/index.php\/wp-json\/wp\/v2\/product"}],"about":[{"href":"https:\/\/de-prime.com\/index.php\/wp-json\/wp\/v2\/types\/product"}],"replies":[{"embeddable":true,"href":"https:\/\/de-prime.com\/index.php\/wp-json\/wp\/v2\/comments?post=54802"}],"wp:featuredmedia":[{"embeddable":true,"href":"https:\/\/de-prime.com\/index.php\/wp-json\/"}],"wp:attachment":[{"href":"https:\/\/de-prime.com\/index.php\/wp-json\/wp\/v2\/media?parent=54802"}],"wp:term":[{"taxonomy":"product_brand","embeddable":true,"href":"https:\/\/de-prime.com\/index.php\/wp-json\/wp\/v2\/product_brand?post=54802"},{"taxonomy":"product_cat","embeddable":true,"href":"https:\/\/de-prime.com\/index.php\/wp-json\/wp\/v2\/product_cat?post=54802"},{"taxonomy":"product_tag","embeddable":true,"href":"https:\/\/de-prime.com\/index.php\/wp-json\/wp\/v2\/product_tag?post=54802"}],"curies":[{"name":"wp","href":"https:\/\/api.w.org\/{rel}","templated":true}]}}